{"id":220,"date":"2024-06-27T15:57:24","date_gmt":"2024-06-27T13:57:24","guid":{"rendered":"https:\/\/kiwo.fr\/?page_id=220"},"modified":"2024-07-09T17:59:04","modified_gmt":"2024-07-09T15:59:04","slug":"gamme-soins","status":"publish","type":"page","link":"https:\/\/kiwo.fr\/index.php\/gamme-soins\/","title":{"rendered":"Gamme Soins"},"content":{"rendered":"\t\t<div data-elementor-type=\"wp-page\" data-elementor-id=\"220\" class=\"elementor elementor-220\">\n\t\t\t\t<div class=\"elementor-element elementor-element-4b737caf e-con-full e-flex e-con e-parent\" data-id=\"4b737caf\" data-element_type=\"container\" data-settings=\"{&quot;background_background&quot;:&quot;classic&quot;}\">\n\t\t<div class=\"elementor-element elementor-element-5ccb102f e-con-full e-flex e-con e-child\" data-id=\"5ccb102f\" data-element_type=\"container\">\n\t\t\t\t<div class=\"elementor-element elementor-element-2b5cfc65 elementor-widget elementor-widget-heading\" data-id=\"2b5cfc65\" data-element_type=\"widget\" data-widget_type=\"heading.default\">\n\t\t\t\t<div class=\"elementor-widget-container\">\n\t\t\t<h1 class=\"elementor-heading-title elementor-size-default\">Logiciels Soins<\/h1>\t\t<\/div>\n\t\t\t\t<\/div>\n\t\t\t\t<div class=\"elementor-element elementor-element-1beb9d40 elementor-widget elementor-widget-text-editor\" data-id=\"1beb9d40\" data-element_type=\"widget\" data-widget_type=\"text-editor.default\">\n\t\t\t\t<div class=\"elementor-widget-container\">\n\t\t\t\t\t\t\t<p>Liste de nos logiciels soins pour les \u00e9tablissements m\u00e9dico-sociaux.<\/p>\t\t\t\t\t\t<\/div>\n\t\t\t\t<\/div>\n\t\t\t\t<\/div>\n\t\t<div class=\"elementor-element elementor-element-1d8527a e-con-full e-flex e-con e-child\" data-id=\"1d8527a\" data-element_type=\"container\">\n\t\t\t\t<div class=\"elementor-element elementor-element-2e2d503 elementor-widget__width-initial elementor-widget elementor-widget-image\" data-id=\"2e2d503\" data-element_type=\"widget\" data-widget_type=\"image.default\">\n\t\t\t\t<div class=\"elementor-widget-container\">\n\t\t\t\t\t\t\t\t\t\t\t\t\t<img fetchpriority=\"high\" decoding=\"async\" width=\"512\" height=\"512\" src=\"https:\/\/kiwo.fr\/wp-content\/uploads\/2024\/06\/entete-soinslifeline-in-a-heart-outline.png\" class=\"attachment-large size-large wp-image-225\" alt=\"\" srcset=\"https:\/\/kiwo.fr\/wp-content\/uploads\/2024\/06\/entete-soinslifeline-in-a-heart-outline.png 512w, https:\/\/kiwo.fr\/wp-content\/uploads\/2024\/06\/entete-soinslifeline-in-a-heart-outline-300x300.png 300w, https:\/\/kiwo.fr\/wp-content\/uploads\/2024\/06\/entete-soinslifeline-in-a-heart-outline-150x150.png 150w\" sizes=\"(max-width: 512px) 100vw, 512px\" \/>\t\t\t\t\t\t\t\t\t\t\t\t\t<\/div>\n\t\t\t\t<\/div>\n\t\t\t\t<\/div>\n\t\t\t\t<\/div>\n\t\t<div class=\"elementor-element elementor-element-5fa41ec1 e-con-full e-flex e-con e-parent\" data-id=\"5fa41ec1\" data-element_type=\"container\" id=\"next\">\n\t\t\t\t<div class=\"elementor-element elementor-element-61b154c6 elementor-widget elementor-widget-heading\" data-id=\"61b154c6\" data-element_type=\"widget\" data-widget_type=\"heading.default\">\n\t\t\t\t<div class=\"elementor-widget-container\">\n\t\t\t<h3 class=\"elementor-heading-title elementor-size-default\">Logiciels<\/h3>\t\t<\/div>\n\t\t\t\t<\/div>\n\t\t\t\t<div class=\"elementor-element elementor-element-4c174f74 elementor-widget elementor-widget-heading\" data-id=\"4c174f74\" data-element_type=\"widget\" data-widget_type=\"heading.default\">\n\t\t\t\t<div class=\"elementor-widget-container\">\n\t\t\t<p class=\"elementor-heading-title elementor-size-default\">Les principaux logiciels de soins<\/p>\t\t<\/div>\n\t\t\t\t<\/div>\n\t\t<div class=\"elementor-element elementor-element-22953b49 e-con-full e-flex e-con e-child\" data-id=\"22953b49\" data-element_type=\"container\">\n\t\t<div class=\"elementor-element elementor-element-2b0a4bc7 e-con-full e-flex e-con e-child\" data-id=\"2b0a4bc7\" data-element_type=\"container\">\n\t\t\t\t<div class=\"elementor-element elementor-element-2846b139 elementor-position-top elementor-widget elementor-widget-image-box\" data-id=\"2846b139\" data-element_type=\"widget\" data-widget_type=\"image-box.default\">\n\t\t\t\t<div class=\"elementor-widget-container\">\n\t\t\t<div class=\"elementor-image-box-wrapper\"><figure class=\"elementor-image-box-img\"><a href=\"https:\/\/kiwo.fr\/index.php\/gestidoss\/\" tabindex=\"-1\"><img decoding=\"async\" width=\"512\" height=\"512\" src=\"https:\/\/kiwo.fr\/wp-content\/uploads\/2024\/06\/GestiDoss.png\" class=\"elementor-animation-grow attachment-full size-full wp-image-234\" alt=\"\" srcset=\"https:\/\/kiwo.fr\/wp-content\/uploads\/2024\/06\/GestiDoss.png 512w, https:\/\/kiwo.fr\/wp-content\/uploads\/2024\/06\/GestiDoss-300x300.png 300w, https:\/\/kiwo.fr\/wp-content\/uploads\/2024\/06\/GestiDoss-150x150.png 150w\" sizes=\"(max-width: 512px) 100vw, 512px\" \/><\/a><\/figure><div class=\"elementor-image-box-content\"><h4 class=\"elementor-image-box-title\"><a href=\"https:\/\/kiwo.fr\/index.php\/gestidoss\/\">GestiDoss<\/a><\/h4><p class=\"elementor-image-box-description\">Dossier de soins des r\u00e9sidents.<\/p><\/div><\/div>\t\t<\/div>\n\t\t\t\t<\/div>\n\t\t\t\t<\/div>\n\t\t<div class=\"elementor-element elementor-element-209b780e e-con-full e-flex e-con e-child\" data-id=\"209b780e\" data-element_type=\"container\">\n\t\t\t\t<div class=\"elementor-element elementor-element-269a2e40 elementor-position-top elementor-widget elementor-widget-image-box\" data-id=\"269a2e40\" data-element_type=\"widget\" data-widget_type=\"image-box.default\">\n\t\t\t\t<div class=\"elementor-widget-container\">\n\t\t\t<div class=\"elementor-image-box-wrapper\"><figure class=\"elementor-image-box-img\"><a href=\"https:\/\/kiwo.fr\/index.php\/gestigir\/\" tabindex=\"-1\"><img decoding=\"async\" width=\"512\" height=\"512\" src=\"https:\/\/kiwo.fr\/wp-content\/uploads\/2024\/06\/GestiGir.png\" class=\"elementor-animation-grow attachment-full size-full wp-image-226\" alt=\"\" srcset=\"https:\/\/kiwo.fr\/wp-content\/uploads\/2024\/06\/GestiGir.png 512w, https:\/\/kiwo.fr\/wp-content\/uploads\/2024\/06\/GestiGir-300x300.png 300w, https:\/\/kiwo.fr\/wp-content\/uploads\/2024\/06\/GestiGir-150x150.png 150w\" sizes=\"(max-width: 512px) 100vw, 512px\" \/><\/a><\/figure><div class=\"elementor-image-box-content\"><h4 class=\"elementor-image-box-title\"><a href=\"https:\/\/kiwo.fr\/index.php\/gestigir\/\">GestiGir<\/a><\/h4><p class=\"elementor-image-box-description\">Niveau de d\u00e9pendance de la personne.<\/p><\/div><\/div>\t\t<\/div>\n\t\t\t\t<\/div>\n\t\t\t\t<\/div>\n\t\t<div class=\"elementor-element elementor-element-6a12a14c e-con-full e-flex e-con e-child\" data-id=\"6a12a14c\" data-element_type=\"container\">\n\t\t\t\t<div class=\"elementor-element elementor-element-78f0db1b elementor-position-top elementor-widget elementor-widget-image-box\" data-id=\"78f0db1b\" data-element_type=\"widget\" data-widget_type=\"image-box.default\">\n\t\t\t\t<div class=\"elementor-widget-container\">\n\t\t\t<div class=\"elementor-image-box-wrapper\"><figure class=\"elementor-image-box-img\"><a href=\"https:\/\/kiwo.fr\/index.php\/gestipop\/\" tabindex=\"-1\"><img loading=\"lazy\" decoding=\"async\" width=\"512\" height=\"512\" src=\"https:\/\/kiwo.fr\/wp-content\/uploads\/2024\/06\/GestiPop.png\" class=\"elementor-animation-grow attachment-full size-full wp-image-228\" alt=\"\" srcset=\"https:\/\/kiwo.fr\/wp-content\/uploads\/2024\/06\/GestiPop.png 512w, https:\/\/kiwo.fr\/wp-content\/uploads\/2024\/06\/GestiPop-300x300.png 300w, https:\/\/kiwo.fr\/wp-content\/uploads\/2024\/06\/GestiPop-150x150.png 150w\" sizes=\"(max-width: 512px) 100vw, 512px\" \/><\/a><\/figure><div class=\"elementor-image-box-content\"><h4 class=\"elementor-image-box-title\"><a href=\"https:\/\/kiwo.fr\/index.php\/gestipop\/\">GestiPop<\/a><\/h4><p class=\"elementor-image-box-description\">Gestion des pathologies des patients.<\/p><\/div><\/div>\t\t<\/div>\n\t\t\t\t<\/div>\n\t\t\t\t<\/div>\n\t\t<div class=\"elementor-element elementor-element-4e44e10 e-con-full e-flex e-con e-child\" data-id=\"4e44e10\" data-element_type=\"container\">\n\t\t\t\t<div class=\"elementor-element elementor-element-b52790e elementor-position-top elementor-widget elementor-widget-image-box\" data-id=\"b52790e\" data-element_type=\"widget\" data-widget_type=\"image-box.default\">\n\t\t\t\t<div class=\"elementor-widget-container\">\n\t\t\t<div class=\"elementor-image-box-wrapper\"><figure class=\"elementor-image-box-img\"><a href=\"https:\/\/kiwo.fr\/index.php\/dossnomad\/\" tabindex=\"-1\"><img loading=\"lazy\" decoding=\"async\" width=\"512\" height=\"512\" src=\"https:\/\/kiwo.fr\/wp-content\/uploads\/2024\/06\/dosspad-nomade.png\" class=\"elementor-animation-grow attachment-full size-full wp-image-230\" alt=\"\" srcset=\"https:\/\/kiwo.fr\/wp-content\/uploads\/2024\/06\/dosspad-nomade.png 512w, https:\/\/kiwo.fr\/wp-content\/uploads\/2024\/06\/dosspad-nomade-300x300.png 300w, https:\/\/kiwo.fr\/wp-content\/uploads\/2024\/06\/dosspad-nomade-150x150.png 150w\" sizes=\"(max-width: 512px) 100vw, 512px\" \/><\/a><\/figure><div class=\"elementor-image-box-content\"><h4 class=\"elementor-image-box-title\"><a href=\"https:\/\/kiwo.fr\/index.php\/dossnomad\/\">DossNomade<\/a><\/h4><p class=\"elementor-image-box-description\">Dossier de soins mobile.<\/p><\/div><\/div>\t\t<\/div>\n\t\t\t\t<\/div>\n\t\t\t\t<\/div>\n\t\t\t\t<\/div>\n\t\t\t\t<\/div>\n\t\t<div class=\"elementor-element elementor-element-4346e287 e-flex e-con-boxed e-con e-parent\" data-id=\"4346e287\" data-element_type=\"container\">\n\t\t\t\t\t<div class=\"e-con-inner\">\n\t\t<div class=\"elementor-element elementor-element-35a086a8 e-con-full e-flex e-con e-child\" data-id=\"35a086a8\" data-element_type=\"container\">\n\t\t<div class=\"elementor-element elementor-element-7d02bb6 e-con-full e-flex e-con e-child\" data-id=\"7d02bb6\" data-element_type=\"container\">\n\t\t\t\t<div class=\"elementor-element elementor-element-2b5e080b elementor-widget elementor-widget-image\" data-id=\"2b5e080b\" data-element_type=\"widget\" data-widget_type=\"image.default\">\n\t\t\t\t<div class=\"elementor-widget-container\">\n\t\t\t\t\t\t\t\t\t\t\t\t\t\t<a href=\"https:\/\/kiwo.fr\/index.php\/autres-logiciels-soins\/\">\n\t\t\t\t\t\t\t<img loading=\"lazy\" decoding=\"async\" width=\"512\" height=\"512\" src=\"https:\/\/kiwo.fr\/wp-content\/uploads\/2024\/06\/GestiDM.png\" class=\"attachment-large size-large wp-image-233\" alt=\"\" srcset=\"https:\/\/kiwo.fr\/wp-content\/uploads\/2024\/06\/GestiDM.png 512w, https:\/\/kiwo.fr\/wp-content\/uploads\/2024\/06\/GestiDM-300x300.png 300w, https:\/\/kiwo.fr\/wp-content\/uploads\/2024\/06\/GestiDM-150x150.png 150w\" sizes=\"(max-width: 512px) 100vw, 512px\" \/>\t\t\t\t\t\t\t\t<\/a>\n\t\t\t\t\t\t\t\t\t\t\t\t\t<\/div>\n\t\t\t\t<\/div>\n\t\t\t\t<div class=\"elementor-element elementor-element-610fb998 elementor-widget elementor-widget-image\" data-id=\"610fb998\" data-element_type=\"widget\" data-widget_type=\"image.default\">\n\t\t\t\t<div class=\"elementor-widget-container\">\n\t\t\t\t\t\t\t\t\t\t\t\t\t\t<a href=\"https:\/\/kiwo.fr\/index.php\/autres-logiciels-soins\/\">\n\t\t\t\t\t\t\t<img loading=\"lazy\" decoding=\"async\" width=\"512\" height=\"512\" src=\"https:\/\/kiwo.fr\/wp-content\/uploads\/2024\/06\/GestiAnimation.png\" class=\"attachment-large size-large wp-image-232\" alt=\"\" srcset=\"https:\/\/kiwo.fr\/wp-content\/uploads\/2024\/06\/GestiAnimation.png 512w, https:\/\/kiwo.fr\/wp-content\/uploads\/2024\/06\/GestiAnimation-300x300.png 300w, https:\/\/kiwo.fr\/wp-content\/uploads\/2024\/06\/GestiAnimation-150x150.png 150w\" sizes=\"(max-width: 512px) 100vw, 512px\" \/>\t\t\t\t\t\t\t\t<\/a>\n\t\t\t\t\t\t\t\t\t\t\t\t\t<\/div>\n\t\t\t\t<\/div>\n\t\t\t\t<\/div>\n\t\t<div class=\"elementor-element elementor-element-52e3d2d6 e-con-full e-flex e-con e-child\" data-id=\"52e3d2d6\" data-element_type=\"container\">\n\t\t\t\t<div class=\"elementor-element elementor-element-549e2039 elementor-widget elementor-widget-image\" data-id=\"549e2039\" data-element_type=\"widget\" data-widget_type=\"image.default\">\n\t\t\t\t<div class=\"elementor-widget-container\">\n\t\t\t\t\t\t\t\t\t\t\t\t\t\t<a href=\"https:\/\/kiwo.fr\/index.php\/autres-logiciels-soins\/\">\n\t\t\t\t\t\t\t<img loading=\"lazy\" decoding=\"async\" width=\"512\" height=\"512\" src=\"https:\/\/kiwo.fr\/wp-content\/uploads\/2024\/06\/dosspad.png\" class=\"attachment-large size-large wp-image-229\" alt=\"\" srcset=\"https:\/\/kiwo.fr\/wp-content\/uploads\/2024\/06\/dosspad.png 512w, https:\/\/kiwo.fr\/wp-content\/uploads\/2024\/06\/dosspad-300x300.png 300w, https:\/\/kiwo.fr\/wp-content\/uploads\/2024\/06\/dosspad-150x150.png 150w\" sizes=\"(max-width: 512px) 100vw, 512px\" \/>\t\t\t\t\t\t\t\t<\/a>\n\t\t\t\t\t\t\t\t\t\t\t\t\t<\/div>\n\t\t\t\t<\/div>\n\t\t\t\t<div class=\"elementor-element elementor-element-50242ed5 elementor-widget elementor-widget-image\" data-id=\"50242ed5\" data-element_type=\"widget\" data-widget_type=\"image.default\">\n\t\t\t\t<div class=\"elementor-widget-container\">\n\t\t\t\t\t\t\t\t\t\t\t\t\t\t<a href=\"https:\/\/kiwo.fr\/index.php\/autres-logiciels-soins\/\">\n\t\t\t\t\t\t\t<img loading=\"lazy\" decoding=\"async\" width=\"512\" height=\"512\" src=\"https:\/\/kiwo.fr\/wp-content\/uploads\/2024\/06\/GestiPharma.png\" class=\"attachment-large size-large wp-image-227\" alt=\"\" srcset=\"https:\/\/kiwo.fr\/wp-content\/uploads\/2024\/06\/GestiPharma.png 512w, https:\/\/kiwo.fr\/wp-content\/uploads\/2024\/06\/GestiPharma-300x300.png 300w, https:\/\/kiwo.fr\/wp-content\/uploads\/2024\/06\/GestiPharma-150x150.png 150w\" sizes=\"(max-width: 512px) 100vw, 512px\" \/>\t\t\t\t\t\t\t\t<\/a>\n\t\t\t\t\t\t\t\t\t\t\t\t\t<\/div>\n\t\t\t\t<\/div>\n\t\t\t\t<\/div>\n\t\t\t\t<\/div>\n\t\t<div class=\"elementor-element elementor-element-653ca91 e-con-full e-flex e-con e-child\" data-id=\"653ca91\" data-element_type=\"container\">\n\t\t\t\t<div class=\"elementor-element elementor-element-5646c31f elementor-widget elementor-widget-heading\" data-id=\"5646c31f\" data-element_type=\"widget\" data-widget_type=\"heading.default\">\n\t\t\t\t<div class=\"elementor-widget-container\">\n\t\t\t<h3 class=\"elementor-heading-title elementor-size-default\">Autres Logiciels<\/h3>\t\t<\/div>\n\t\t\t\t<\/div>\n\t\t\t\t<div class=\"elementor-element elementor-element-1afc6955 elementor-widget elementor-widget-text-editor\" data-id=\"1afc6955\" data-element_type=\"widget\" data-widget_type=\"text-editor.default\">\n\t\t\t\t<div class=\"elementor-widget-container\">\n\t\t\t\t\t\t\t<p>D\u00e9couvrez nos autres logiciels de la gamme.<\/p>\t\t\t\t\t\t<\/div>\n\t\t\t\t<\/div>\n\t\t\t\t<div class=\"elementor-element elementor-element-4bd21a60 elementor-mobile-align-center elementor-invisible elementor-widget elementor-widget-button\" data-id=\"4bd21a60\" data-element_type=\"widget\" data-settings=\"{&quot;_animation&quot;:&quot;fadeInDown&quot;}\" data-widget_type=\"button.default\">\n\t\t\t\t<div class=\"elementor-widget-container\">\n\t\t\t\t\t\t\t<div class=\"elementor-button-wrapper\">\n\t\t\t\t\t<a class=\"elementor-button elementor-button-link elementor-size-sm\" href=\"https:\/\/kiwo.fr\/index.php\/autres-logiciels-soins\/\">\n\t\t\t\t\t\t<span class=\"elementor-button-content-wrapper\">\n\t\t\t\t\t\t\t\t\t<span class=\"elementor-button-text\">En savoir plus<\/span>\n\t\t\t\t\t<\/span>\n\t\t\t\t\t<\/a>\n\t\t\t\t<\/div>\n\t\t\t\t\t\t<\/div>\n\t\t\t\t<\/div>\n\t\t\t\t<\/div>\n\t\t\t\t\t<\/div>\n\t\t\t\t<\/div>\n\t\t\t\t<\/div>\n\t\t","protected":false},"excerpt":{"rendered":"<p>Logiciels Soins Liste de nos logiciels soins pour les \u00e9tablissements m\u00e9dico-sociaux. Logiciels Les principaux logiciels de soins GestiDoss Dossier de soins des r\u00e9sidents. GestiGir Niveau de d\u00e9pendance de la personne. GestiPop Gestion des pathologies des patients. DossNomade Dossier de soins mobile. Autres Logiciels D\u00e9couvrez nos autres logiciels de la gamme. En savoir plus<\/p>\n","protected":false},"author":1,"featured_media":0,"parent":0,"menu_order":0,"comment_status":"closed","ping_status":"closed","template":"","meta":{"footnotes":""},"class_list":["post-220","page","type-page","status-publish","hentry","entry"],"yoast_head":"<!-- This site is optimized with the Yoast SEO plugin v23.7 - https:\/\/yoast.com\/wordpress\/plugins\/seo\/ -->\n<title>Gamme Soins - Kiwo<\/title>\n<meta name=\"robots\" content=\"index, follow, max-snippet:-1, max-image-preview:large, max-video-preview:-1\" \/>\n<link rel=\"canonical\" href=\"http:\/\/kiwo.fr\/index.php\/gamme-soins\/\" \/>\n<meta property=\"og:locale\" content=\"en_US\" \/>\n<meta property=\"og:type\" content=\"article\" \/>\n<meta property=\"og:title\" content=\"Gamme Soins - Kiwo\" \/>\n<meta property=\"og:description\" content=\"Logiciels Soins Liste de nos logiciels soins pour les \u00e9tablissements m\u00e9dico-sociaux. Logiciels Les principaux logiciels de soins GestiDoss Dossier de soins des r\u00e9sidents. GestiGir Niveau de d\u00e9pendance de la personne. GestiPop Gestion des pathologies des patients. DossNomade Dossier de soins mobile. Autres Logiciels D\u00e9couvrez nos autres logiciels de la gamme. En savoir plus\" \/>\n<meta property=\"og:url\" content=\"http:\/\/kiwo.fr\/index.php\/gamme-soins\/\" \/>\n<meta property=\"og:site_name\" content=\"Kiwo\" \/>\n<meta property=\"article:modified_time\" content=\"2024-07-09T15:59:04+00:00\" \/>\n<meta property=\"og:image\" content=\"http:\/\/kiwo.fr\/wp-content\/uploads\/2024\/06\/entete-soinslifeline-in-a-heart-outline.png\" \/>\n<meta name=\"twitter:card\" content=\"summary_large_image\" \/>\n<script type=\"application\/ld+json\" class=\"yoast-schema-graph\">{\"@context\":\"https:\/\/schema.org\",\"@graph\":[{\"@type\":\"WebPage\",\"@id\":\"http:\/\/kiwo.fr\/index.php\/gamme-soins\/\",\"url\":\"http:\/\/kiwo.fr\/index.php\/gamme-soins\/\",\"name\":\"Gamme Soins - Kiwo\",\"isPartOf\":{\"@id\":\"http:\/\/kiwo.fr\/#website\"},\"primaryImageOfPage\":{\"@id\":\"http:\/\/kiwo.fr\/index.php\/gamme-soins\/#primaryimage\"},\"image\":{\"@id\":\"http:\/\/kiwo.fr\/index.php\/gamme-soins\/#primaryimage\"},\"thumbnailUrl\":\"http:\/\/kiwo.fr\/wp-content\/uploads\/2024\/06\/entete-soinslifeline-in-a-heart-outline.png\",\"datePublished\":\"2024-06-27T13:57:24+00:00\",\"dateModified\":\"2024-07-09T15:59:04+00:00\",\"breadcrumb\":{\"@id\":\"http:\/\/kiwo.fr\/index.php\/gamme-soins\/#breadcrumb\"},\"inLanguage\":\"en-US\",\"potentialAction\":[{\"@type\":\"ReadAction\",\"target\":[\"http:\/\/kiwo.fr\/index.php\/gamme-soins\/\"]}]},{\"@type\":\"ImageObject\",\"inLanguage\":\"en-US\",\"@id\":\"http:\/\/kiwo.fr\/index.php\/gamme-soins\/#primaryimage\",\"url\":\"https:\/\/kiwo.fr\/wp-content\/uploads\/2024\/06\/entete-soinslifeline-in-a-heart-outline.png\",\"contentUrl\":\"https:\/\/kiwo.fr\/wp-content\/uploads\/2024\/06\/entete-soinslifeline-in-a-heart-outline.png\",\"width\":512,\"height\":512},{\"@type\":\"BreadcrumbList\",\"@id\":\"http:\/\/kiwo.fr\/index.php\/gamme-soins\/#breadcrumb\",\"itemListElement\":[{\"@type\":\"ListItem\",\"position\":1,\"name\":\"Accueil\",\"item\":\"http:\/\/kiwo.fr\/\"},{\"@type\":\"ListItem\",\"position\":2,\"name\":\"Gamme Soins\"}]},{\"@type\":\"WebSite\",\"@id\":\"http:\/\/kiwo.fr\/#website\",\"url\":\"http:\/\/kiwo.fr\/\",\"name\":\"Kiwo\",\"description\":\"Accompagnement et logiciels dans la gestion de vos \u00e9tablissements m\u00e9dico-social\",\"publisher\":{\"@id\":\"http:\/\/kiwo.fr\/#organization\"},\"potentialAction\":[{\"@type\":\"SearchAction\",\"target\":{\"@type\":\"EntryPoint\",\"urlTemplate\":\"http:\/\/kiwo.fr\/?s={search_term_string}\"},\"query-input\":{\"@type\":\"PropertyValueSpecification\",\"valueRequired\":true,\"valueName\":\"search_term_string\"}}],\"inLanguage\":\"en-US\"},{\"@type\":\"Organization\",\"@id\":\"http:\/\/kiwo.fr\/#organization\",\"name\":\"Kiwo\",\"url\":\"http:\/\/kiwo.fr\/\",\"logo\":{\"@type\":\"ImageObject\",\"inLanguage\":\"en-US\",\"@id\":\"http:\/\/kiwo.fr\/#\/schema\/logo\/image\/\",\"url\":\"https:\/\/kiwo.fr\/wp-content\/uploads\/2024\/08\/cropped-kiwo-logo-2.png\",\"contentUrl\":\"https:\/\/kiwo.fr\/wp-content\/uploads\/2024\/08\/cropped-kiwo-logo-2.png\",\"width\":547,\"height\":150,\"caption\":\"Kiwo\"},\"image\":{\"@id\":\"http:\/\/kiwo.fr\/#\/schema\/logo\/image\/\"}}]}<\/script>\n<!-- \/ Yoast SEO plugin. -->","yoast_head_json":{"title":"Gamme Soins - Kiwo","robots":{"index":"index","follow":"follow","max-snippet":"max-snippet:-1","max-image-preview":"max-image-preview:large","max-video-preview":"max-video-preview:-1"},"canonical":"http:\/\/kiwo.fr\/index.php\/gamme-soins\/","og_locale":"en_US","og_type":"article","og_title":"Gamme Soins - Kiwo","og_description":"Logiciels Soins Liste de nos logiciels soins pour les \u00e9tablissements m\u00e9dico-sociaux. Logiciels Les principaux logiciels de soins GestiDoss Dossier de soins des r\u00e9sidents. GestiGir Niveau de d\u00e9pendance de la personne. GestiPop Gestion des pathologies des patients. DossNomade Dossier de soins mobile. Autres Logiciels D\u00e9couvrez nos autres logiciels de la gamme. En savoir plus","og_url":"http:\/\/kiwo.fr\/index.php\/gamme-soins\/","og_site_name":"Kiwo","article_modified_time":"2024-07-09T15:59:04+00:00","og_image":[{"url":"http:\/\/kiwo.fr\/wp-content\/uploads\/2024\/06\/entete-soinslifeline-in-a-heart-outline.png"}],"twitter_card":"summary_large_image","schema":{"@context":"https:\/\/schema.org","@graph":[{"@type":"WebPage","@id":"http:\/\/kiwo.fr\/index.php\/gamme-soins\/","url":"http:\/\/kiwo.fr\/index.php\/gamme-soins\/","name":"Gamme Soins - Kiwo","isPartOf":{"@id":"http:\/\/kiwo.fr\/#website"},"primaryImageOfPage":{"@id":"http:\/\/kiwo.fr\/index.php\/gamme-soins\/#primaryimage"},"image":{"@id":"http:\/\/kiwo.fr\/index.php\/gamme-soins\/#primaryimage"},"thumbnailUrl":"http:\/\/kiwo.fr\/wp-content\/uploads\/2024\/06\/entete-soinslifeline-in-a-heart-outline.png","datePublished":"2024-06-27T13:57:24+00:00","dateModified":"2024-07-09T15:59:04+00:00","breadcrumb":{"@id":"http:\/\/kiwo.fr\/index.php\/gamme-soins\/#breadcrumb"},"inLanguage":"en-US","potentialAction":[{"@type":"ReadAction","target":["http:\/\/kiwo.fr\/index.php\/gamme-soins\/"]}]},{"@type":"ImageObject","inLanguage":"en-US","@id":"http:\/\/kiwo.fr\/index.php\/gamme-soins\/#primaryimage","url":"https:\/\/kiwo.fr\/wp-content\/uploads\/2024\/06\/entete-soinslifeline-in-a-heart-outline.png","contentUrl":"https:\/\/kiwo.fr\/wp-content\/uploads\/2024\/06\/entete-soinslifeline-in-a-heart-outline.png","width":512,"height":512},{"@type":"BreadcrumbList","@id":"http:\/\/kiwo.fr\/index.php\/gamme-soins\/#breadcrumb","itemListElement":[{"@type":"ListItem","position":1,"name":"Accueil","item":"http:\/\/kiwo.fr\/"},{"@type":"ListItem","position":2,"name":"Gamme Soins"}]},{"@type":"WebSite","@id":"http:\/\/kiwo.fr\/#website","url":"http:\/\/kiwo.fr\/","name":"Kiwo","description":"Accompagnement et logiciels dans la gestion de vos \u00e9tablissements m\u00e9dico-social","publisher":{"@id":"http:\/\/kiwo.fr\/#organization"},"potentialAction":[{"@type":"SearchAction","target":{"@type":"EntryPoint","urlTemplate":"http:\/\/kiwo.fr\/?s={search_term_string}"},"query-input":{"@type":"PropertyValueSpecification","valueRequired":true,"valueName":"search_term_string"}}],"inLanguage":"en-US"},{"@type":"Organization","@id":"http:\/\/kiwo.fr\/#organization","name":"Kiwo","url":"http:\/\/kiwo.fr\/","logo":{"@type":"ImageObject","inLanguage":"en-US","@id":"http:\/\/kiwo.fr\/#\/schema\/logo\/image\/","url":"https:\/\/kiwo.fr\/wp-content\/uploads\/2024\/08\/cropped-kiwo-logo-2.png","contentUrl":"https:\/\/kiwo.fr\/wp-content\/uploads\/2024\/08\/cropped-kiwo-logo-2.png","width":547,"height":150,"caption":"Kiwo"},"image":{"@id":"http:\/\/kiwo.fr\/#\/schema\/logo\/image\/"}}]}},"_links":{"self":[{"href":"https:\/\/kiwo.fr\/index.php\/wp-json\/wp\/v2\/pages\/220","targetHints":{"allow":["GET"]}}],"collection":[{"href":"https:\/\/kiwo.fr\/index.php\/wp-json\/wp\/v2\/pages"}],"about":[{"href":"https:\/\/kiwo.fr\/index.php\/wp-json\/wp\/v2\/types\/page"}],"author":[{"embeddable":true,"href":"https:\/\/kiwo.fr\/index.php\/wp-json\/wp\/v2\/users\/1"}],"replies":[{"embeddable":true,"href":"https:\/\/kiwo.fr\/index.php\/wp-json\/wp\/v2\/comments?post=220"}],"version-history":[{"count":22,"href":"https:\/\/kiwo.fr\/index.php\/wp-json\/wp\/v2\/pages\/220\/revisions"}],"predecessor-version":[{"id":664,"href":"https:\/\/kiwo.fr\/index.php\/wp-json\/wp\/v2\/pages\/220\/revisions\/664"}],"wp:attachment":[{"href":"https:\/\/kiwo.fr\/index.php\/wp-json\/wp\/v2\/media?parent=220"}],"curies":[{"name":"wp","href":"https:\/\/api.w.org\/{rel}","templated":true}]}}