{"id":420,"date":"2024-07-02T17:56:34","date_gmt":"2024-07-02T15:56:34","guid":{"rendered":"https:\/\/kiwo.fr\/?page_id=420"},"modified":"2024-07-03T15:09:51","modified_gmt":"2024-07-03T13:09:51","slug":"services-proposes","status":"publish","type":"page","link":"https:\/\/kiwo.fr\/index.php\/services-proposes\/","title":{"rendered":"Services propos\u00e9s"},"content":{"rendered":"\t\t<div data-elementor-type=\"wp-page\" data-elementor-id=\"420\" class=\"elementor elementor-420\">\n\t\t\t\t<header class=\"elementor-element elementor-element-4b1d58bf e-con-full e-flex e-con e-parent\" data-id=\"4b1d58bf\" data-element_type=\"container\">\n\t\t<div class=\"elementor-element elementor-element-755ac3b3 e-con-full e-flex e-con e-child\" data-id=\"755ac3b3\" data-element_type=\"container\">\n\t\t\t\t<div class=\"elementor-element elementor-element-7cc9e191 elementor-widget elementor-widget-image\" data-id=\"7cc9e191\" data-element_type=\"widget\" data-widget_type=\"image.default\">\n\t\t\t\t<div class=\"elementor-widget-container\">\n\t\t\t\t\t\t\t\t\t\t\t\t\t<img fetchpriority=\"high\" decoding=\"async\" width=\"2000\" height=\"1333\" src=\"https:\/\/kiwo.fr\/wp-content\/uploads\/2024\/07\/15773.jpg\" class=\"attachment-full size-full wp-image-429\" alt=\"\" srcset=\"https:\/\/kiwo.fr\/wp-content\/uploads\/2024\/07\/15773.jpg 2000w, https:\/\/kiwo.fr\/wp-content\/uploads\/2024\/07\/15773-300x200.jpg 300w, https:\/\/kiwo.fr\/wp-content\/uploads\/2024\/07\/15773-1024x682.jpg 1024w, https:\/\/kiwo.fr\/wp-content\/uploads\/2024\/07\/15773-768x512.jpg 768w, https:\/\/kiwo.fr\/wp-content\/uploads\/2024\/07\/15773-1536x1024.jpg 1536w\" sizes=\"(max-width: 2000px) 100vw, 2000px\" \/>\t\t\t\t\t\t\t\t\t\t\t\t\t<\/div>\n\t\t\t\t<\/div>\n\t\t\t\t<\/div>\n\t\t<div class=\"elementor-element elementor-element-3c0c91df e-con-full e-flex e-con e-child\" data-id=\"3c0c91df\" data-element_type=\"container\">\n\t\t\t\t<div class=\"elementor-element elementor-element-af13c8b elementor-widget elementor-widget-heading\" data-id=\"af13c8b\" data-element_type=\"widget\" data-widget_type=\"heading.default\">\n\t\t\t\t<div class=\"elementor-widget-container\">\n\t\t\t<h3 class=\"elementor-heading-title elementor-size-default\">Nos Services<\/h3>\t\t<\/div>\n\t\t\t\t<\/div>\n\t\t\t\t<div class=\"elementor-element elementor-element-e5a2b38 elementor-widget elementor-widget-text-editor\" data-id=\"e5a2b38\" data-element_type=\"widget\" data-widget_type=\"text-editor.default\">\n\t\t\t\t<div class=\"elementor-widget-container\">\n\t\t\t\t\t\t\t<p>Nous vous accompagnons sur tous vos projets, audites, budg\u00e9taire, d\u00e9veloppement, formation, technique et autres<\/p>\t\t\t\t\t\t<\/div>\n\t\t\t\t<\/div>\n\t\t\t\t<\/div>\n\t\t\t\t<\/header>\n\t\t<div class=\"elementor-element elementor-element-3c3117a9 e-con-full e-flex e-con e-parent\" data-id=\"3c3117a9\" data-element_type=\"container\" id=\"next\">\n\t\t\t\t<div class=\"elementor-element elementor-element-d839977 elementor-widget elementor-widget-heading\" data-id=\"d839977\" data-element_type=\"widget\" data-widget_type=\"heading.default\">\n\t\t\t\t<div class=\"elementor-widget-container\">\n\t\t\t<h3 class=\"elementor-heading-title elementor-size-default\">Nos Services<\/h3>\t\t<\/div>\n\t\t\t\t<\/div>\n\t\t\t\t<div class=\"elementor-element elementor-element-2de433d6 elementor-widget elementor-widget-heading\" data-id=\"2de433d6\" data-element_type=\"widget\" data-widget_type=\"heading.default\">\n\t\t\t\t<div class=\"elementor-widget-container\">\n\t\t\t<p class=\"elementor-heading-title elementor-size-default\">Nos services propos\u00e9s pour mieux vous accompagner<\/p>\t\t<\/div>\n\t\t\t\t<\/div>\n\t\t<div class=\"elementor-element elementor-element-7b20819c e-con-full e-flex e-con e-child\" data-id=\"7b20819c\" data-element_type=\"container\">\n\t\t<div class=\"elementor-element elementor-element-6311a4d1 e-con-full e-flex e-con e-child\" data-id=\"6311a4d1\" data-element_type=\"container\">\n\t\t\t\t<div class=\"elementor-element elementor-element-376863a elementor-widget elementor-widget-image\" data-id=\"376863a\" data-element_type=\"widget\" data-widget_type=\"image.default\">\n\t\t\t\t<div class=\"elementor-widget-container\">\n\t\t\t\t\t\t\t\t\t\t\t\t\t<img decoding=\"async\" width=\"300\" height=\"200\" src=\"https:\/\/kiwo.fr\/wp-content\/uploads\/2024\/07\/12718-300x200.jpg\" class=\"attachment-medium size-medium wp-image-434\" alt=\"\" srcset=\"https:\/\/kiwo.fr\/wp-content\/uploads\/2024\/07\/12718-300x200.jpg 300w, https:\/\/kiwo.fr\/wp-content\/uploads\/2024\/07\/12718-1024x682.jpg 1024w, https:\/\/kiwo.fr\/wp-content\/uploads\/2024\/07\/12718-768x512.jpg 768w, https:\/\/kiwo.fr\/wp-content\/uploads\/2024\/07\/12718-1536x1024.jpg 1536w, https:\/\/kiwo.fr\/wp-content\/uploads\/2024\/07\/12718.jpg 2000w\" sizes=\"(max-width: 300px) 100vw, 300px\" \/>\t\t\t\t\t\t\t\t\t\t\t\t\t<\/div>\n\t\t\t\t<\/div>\n\t\t\t\t<div class=\"elementor-element elementor-element-aeafe85 elementor-widget elementor-widget-heading\" data-id=\"aeafe85\" data-element_type=\"widget\" data-widget_type=\"heading.default\">\n\t\t\t\t<div class=\"elementor-widget-container\">\n\t\t\t<h4 class=\"elementor-heading-title elementor-size-default\">Qualit\u00e9<\/h4>\t\t<\/div>\n\t\t\t\t<\/div>\n\t\t\t\t<div class=\"elementor-element elementor-element-7684a5d elementor-widget elementor-widget-text-editor\" data-id=\"7684a5d\" data-element_type=\"widget\" data-widget_type=\"text-editor.default\">\n\t\t\t\t<div class=\"elementor-widget-container\">\n\t\t\t\t\t\t\t<p>\u00c9laboration de sch\u00e9mas d\u2019exploitation et r\u00e9organisation des services.<br \/>Projet d\u2019\u00e9tablissement ou de service.<br \/>Conception de plannings en liaison avec la structure, les besoins et le personnel.<br \/>Montage de projet architectural qualit\u00e9.<\/p>\t\t\t\t\t\t<\/div>\n\t\t\t\t<\/div>\n\t\t\t\t<\/div>\n\t\t<div class=\"elementor-element elementor-element-7af38b84 e-con-full e-flex e-con e-child\" data-id=\"7af38b84\" data-element_type=\"container\">\n\t\t\t\t<div class=\"elementor-element elementor-element-9c9d6b9 elementor-widget elementor-widget-image\" data-id=\"9c9d6b9\" data-element_type=\"widget\" data-widget_type=\"image.default\">\n\t\t\t\t<div class=\"elementor-widget-container\">\n\t\t\t\t\t\t\t\t\t\t\t\t\t<img decoding=\"async\" width=\"300\" height=\"200\" src=\"https:\/\/kiwo.fr\/wp-content\/uploads\/2024\/07\/126-300x200.jpg\" class=\"attachment-medium size-medium wp-image-427\" alt=\"\" srcset=\"https:\/\/kiwo.fr\/wp-content\/uploads\/2024\/07\/126-300x200.jpg 300w, https:\/\/kiwo.fr\/wp-content\/uploads\/2024\/07\/126-1024x682.jpg 1024w, https:\/\/kiwo.fr\/wp-content\/uploads\/2024\/07\/126-768x512.jpg 768w, https:\/\/kiwo.fr\/wp-content\/uploads\/2024\/07\/126-1536x1024.jpg 1536w, https:\/\/kiwo.fr\/wp-content\/uploads\/2024\/07\/126.jpg 2000w\" sizes=\"(max-width: 300px) 100vw, 300px\" \/>\t\t\t\t\t\t\t\t\t\t\t\t\t<\/div>\n\t\t\t\t<\/div>\n\t\t\t\t<div class=\"elementor-element elementor-element-72029be elementor-widget elementor-widget-heading\" data-id=\"72029be\" data-element_type=\"widget\" data-widget_type=\"heading.default\">\n\t\t\t\t<div class=\"elementor-widget-container\">\n\t\t\t<h4 class=\"elementor-heading-title elementor-size-default\">Service<\/h4>\t\t<\/div>\n\t\t\t\t<\/div>\n\t\t\t\t<div class=\"elementor-element elementor-element-331edde elementor-widget elementor-widget-text-editor\" data-id=\"331edde\" data-element_type=\"widget\" data-widget_type=\"text-editor.default\">\n\t\t\t\t<div class=\"elementor-widget-container\">\n\t\t\t\t\t\t\t<p>Elaboration de sch\u00e9mas d\u2019exploitation et r\u00e9organisation des services.<br \/>Projet d\u2019\u00e9tablissement ou de service.<br \/>Conception de plannings en liaison avec la structure, les besoins et le personnel.<\/p>\t\t\t\t\t\t<\/div>\n\t\t\t\t<\/div>\n\t\t\t\t<\/div>\n\t\t\t\t<\/div>\n\t\t<div class=\"elementor-element elementor-element-8071a9d e-con-full e-flex e-con e-child\" data-id=\"8071a9d\" data-element_type=\"container\">\n\t\t<div class=\"elementor-element elementor-element-7de9115 e-con-full e-flex e-con e-child\" data-id=\"7de9115\" data-element_type=\"container\">\n\t\t\t\t<div class=\"elementor-element elementor-element-e59debf elementor-widget elementor-widget-image\" data-id=\"e59debf\" data-element_type=\"widget\" data-widget_type=\"image.default\">\n\t\t\t\t<div class=\"elementor-widget-container\">\n\t\t\t\t\t\t\t\t\t\t\t\t\t<img loading=\"lazy\" decoding=\"async\" width=\"300\" height=\"169\" src=\"https:\/\/kiwo.fr\/wp-content\/uploads\/2024\/06\/2148148305-800x450-1-300x169.jpg\" class=\"attachment-medium size-medium wp-image-128\" alt=\"\" srcset=\"https:\/\/kiwo.fr\/wp-content\/uploads\/2024\/06\/2148148305-800x450-1-300x169.jpg 300w, https:\/\/kiwo.fr\/wp-content\/uploads\/2024\/06\/2148148305-800x450-1-768x432.jpg 768w, https:\/\/kiwo.fr\/wp-content\/uploads\/2024\/06\/2148148305-800x450-1.jpg 800w\" sizes=\"(max-width: 300px) 100vw, 300px\" \/>\t\t\t\t\t\t\t\t\t\t\t\t\t<\/div>\n\t\t\t\t<\/div>\n\t\t\t\t<div class=\"elementor-element elementor-element-c4c81ca elementor-widget elementor-widget-heading\" data-id=\"c4c81ca\" data-element_type=\"widget\" data-widget_type=\"heading.default\">\n\t\t\t\t<div class=\"elementor-widget-container\">\n\t\t\t<h4 class=\"elementor-heading-title elementor-size-default\">Budgetaire<\/h4>\t\t<\/div>\n\t\t\t\t<\/div>\n\t\t\t\t<div class=\"elementor-element elementor-element-eb0bbe8 elementor-widget elementor-widget-text-editor\" data-id=\"eb0bbe8\" data-element_type=\"widget\" data-widget_type=\"text-editor.default\">\n\t\t\t\t<div class=\"elementor-widget-container\">\n\t\t\t\t\t\t\t<p>Analyse et aide d\u00e9cisionnelle sur budget.<br \/>Remise \u00e0 niveau budg\u00e9taire et financi\u00e8re des structures et services.<\/p>\t\t\t\t\t\t<\/div>\n\t\t\t\t<\/div>\n\t\t\t\t<\/div>\n\t\t<div class=\"elementor-element elementor-element-7d2e2ef e-con-full e-flex e-con e-child\" data-id=\"7d2e2ef\" data-element_type=\"container\">\n\t\t\t\t<div class=\"elementor-element elementor-element-4f43bb2 elementor-widget elementor-widget-image\" data-id=\"4f43bb2\" data-element_type=\"widget\" data-widget_type=\"image.default\">\n\t\t\t\t<div class=\"elementor-widget-container\">\n\t\t\t\t\t\t\t\t\t\t\t\t\t<img loading=\"lazy\" decoding=\"async\" width=\"300\" height=\"200\" src=\"https:\/\/kiwo.fr\/wp-content\/uploads\/2024\/07\/16288-300x200.jpg\" class=\"attachment-medium size-medium wp-image-435\" alt=\"\" srcset=\"https:\/\/kiwo.fr\/wp-content\/uploads\/2024\/07\/16288-300x200.jpg 300w, https:\/\/kiwo.fr\/wp-content\/uploads\/2024\/07\/16288-1024x682.jpg 1024w, https:\/\/kiwo.fr\/wp-content\/uploads\/2024\/07\/16288-768x512.jpg 768w, https:\/\/kiwo.fr\/wp-content\/uploads\/2024\/07\/16288-1536x1024.jpg 1536w, https:\/\/kiwo.fr\/wp-content\/uploads\/2024\/07\/16288.jpg 2000w\" sizes=\"(max-width: 300px) 100vw, 300px\" \/>\t\t\t\t\t\t\t\t\t\t\t\t\t<\/div>\n\t\t\t\t<\/div>\n\t\t\t\t<div class=\"elementor-element elementor-element-575c27e elementor-widget elementor-widget-heading\" data-id=\"575c27e\" data-element_type=\"widget\" data-widget_type=\"heading.default\">\n\t\t\t\t<div class=\"elementor-widget-container\">\n\t\t\t<h4 class=\"elementor-heading-title elementor-size-default\">Formation &amp; Soutien<\/h4>\t\t<\/div>\n\t\t\t\t<\/div>\n\t\t\t\t<div class=\"elementor-element elementor-element-91f391a elementor-widget elementor-widget-text-editor\" data-id=\"91f391a\" data-element_type=\"widget\" data-widget_type=\"text-editor.default\">\n\t\t\t\t<div class=\"elementor-widget-container\">\n\t\t\t\t\t\t\t<p>Formation du personnel et des utilisateurs informatique de base \u00e0 l\u2019utilisation professionnelle des logiciels<br \/>Soutien de nos \u00e9quipes dans l&#8217;assistance au bon fonctionnement de nos logiciels.<\/p>\t\t\t\t\t\t<\/div>\n\t\t\t\t<\/div>\n\t\t\t\t<\/div>\n\t\t\t\t<\/div>\n\t\t<div class=\"elementor-element elementor-element-3290b19 e-con-full e-flex e-con e-child\" data-id=\"3290b19\" data-element_type=\"container\">\n\t\t<div class=\"elementor-element elementor-element-c855f8e e-con-full e-flex e-con e-child\" data-id=\"c855f8e\" data-element_type=\"container\">\n\t\t\t\t<div class=\"elementor-element elementor-element-63f8e1a elementor-widget elementor-widget-image\" data-id=\"63f8e1a\" data-element_type=\"widget\" data-widget_type=\"image.default\">\n\t\t\t\t<div class=\"elementor-widget-container\">\n\t\t\t\t\t\t\t\t\t\t\t\t\t<img loading=\"lazy\" decoding=\"async\" width=\"300\" height=\"200\" src=\"https:\/\/kiwo.fr\/wp-content\/uploads\/2024\/07\/47-300x200.jpg\" class=\"attachment-medium size-medium wp-image-436\" alt=\"\" srcset=\"https:\/\/kiwo.fr\/wp-content\/uploads\/2024\/07\/47-300x200.jpg 300w, https:\/\/kiwo.fr\/wp-content\/uploads\/2024\/07\/47-1024x682.jpg 1024w, https:\/\/kiwo.fr\/wp-content\/uploads\/2024\/07\/47-768x512.jpg 768w, https:\/\/kiwo.fr\/wp-content\/uploads\/2024\/07\/47-1536x1024.jpg 1536w, https:\/\/kiwo.fr\/wp-content\/uploads\/2024\/07\/47.jpg 2000w\" sizes=\"(max-width: 300px) 100vw, 300px\" \/>\t\t\t\t\t\t\t\t\t\t\t\t\t<\/div>\n\t\t\t\t<\/div>\n\t\t\t\t<div class=\"elementor-element elementor-element-0da6219 elementor-widget elementor-widget-heading\" data-id=\"0da6219\" data-element_type=\"widget\" data-widget_type=\"heading.default\">\n\t\t\t\t<div class=\"elementor-widget-container\">\n\t\t\t<h4 class=\"elementor-heading-title elementor-size-default\">Developpement<\/h4>\t\t<\/div>\n\t\t\t\t<\/div>\n\t\t\t\t<div class=\"elementor-element elementor-element-cc8417c elementor-widget elementor-widget-text-editor\" data-id=\"cc8417c\" data-element_type=\"widget\" data-widget_type=\"text-editor.default\">\n\t\t\t\t<div class=\"elementor-widget-container\">\n\t\t\t\t\t\t\t<p>D\u00e9veloppement de logiciel et d\u2019interface sp\u00e9cifique \u00e0 vos besoins.<br \/>Ajout vos outils dans nos logiciels.<br \/>Cr\u00e9ation et gestion de vos sites internet.<\/p>\t\t\t\t\t\t<\/div>\n\t\t\t\t<\/div>\n\t\t\t\t<\/div>\n\t\t<div class=\"elementor-element elementor-element-6618863 e-con-full e-flex e-con e-child\" data-id=\"6618863\" data-element_type=\"container\">\n\t\t\t\t<div class=\"elementor-element elementor-element-953270b elementor-widget elementor-widget-image\" data-id=\"953270b\" data-element_type=\"widget\" data-widget_type=\"image.default\">\n\t\t\t\t<div class=\"elementor-widget-container\">\n\t\t\t\t\t\t\t\t\t\t\t\t\t<img loading=\"lazy\" decoding=\"async\" width=\"300\" height=\"200\" src=\"https:\/\/kiwo.fr\/wp-content\/uploads\/2024\/07\/1526-300x200.jpg\" class=\"attachment-medium size-medium wp-image-437\" alt=\"\" srcset=\"https:\/\/kiwo.fr\/wp-content\/uploads\/2024\/07\/1526-300x200.jpg 300w, https:\/\/kiwo.fr\/wp-content\/uploads\/2024\/07\/1526-1024x682.jpg 1024w, https:\/\/kiwo.fr\/wp-content\/uploads\/2024\/07\/1526-768x512.jpg 768w, https:\/\/kiwo.fr\/wp-content\/uploads\/2024\/07\/1526-1536x1024.jpg 1536w, https:\/\/kiwo.fr\/wp-content\/uploads\/2024\/07\/1526.jpg 2000w\" sizes=\"(max-width: 300px) 100vw, 300px\" \/>\t\t\t\t\t\t\t\t\t\t\t\t\t<\/div>\n\t\t\t\t<\/div>\n\t\t\t\t<div class=\"elementor-element elementor-element-47c477d elementor-widget elementor-widget-heading\" data-id=\"47c477d\" data-element_type=\"widget\" data-widget_type=\"heading.default\">\n\t\t\t\t<div class=\"elementor-widget-container\">\n\t\t\t<h4 class=\"elementor-heading-title elementor-size-default\">Aide &amp; Conseil <\/h4>\t\t<\/div>\n\t\t\t\t<\/div>\n\t\t\t\t<div class=\"elementor-element elementor-element-e66724b elementor-widget elementor-widget-text-editor\" data-id=\"e66724b\" data-element_type=\"widget\" data-widget_type=\"text-editor.default\">\n\t\t\t\t<div class=\"elementor-widget-container\">\n\t\t\t\t\t\t\t<p>Aide et conseil technique \u00e0 la r\u00e9alisation de l\u2019informatisation de l\u2019\u00e9tablissement sur le choix et installation d&#8217;\u00e9quipement en poste travail, serveur, logiciel.<br \/>Architecture informatique de votre \u00e9tablissement.<\/p>\t\t\t\t\t\t<\/div>\n\t\t\t\t<\/div>\n\t\t\t\t<\/div>\n\t\t\t\t<\/div>\n\t\t\t\t<\/div>\n\t\t<div class=\"elementor-element elementor-element-6f2cf368 e-flex e-con-boxed e-con e-parent\" data-id=\"6f2cf368\" data-element_type=\"container\" data-settings=\"{&quot;background_background&quot;:&quot;classic&quot;}\">\n\t\t\t\t\t<div class=\"e-con-inner\">\n\t\t\t\t<div class=\"elementor-element elementor-element-2dd844f0 elementor-widget elementor-widget-heading\" data-id=\"2dd844f0\" data-element_type=\"widget\" data-widget_type=\"heading.default\">\n\t\t\t\t<div class=\"elementor-widget-container\">\n\t\t\t<h3 class=\"elementor-heading-title elementor-size-default\">Vous d\u00e9sirez en savoir plus<\/h3>\t\t<\/div>\n\t\t\t\t<\/div>\n\t\t\t\t<div class=\"elementor-element elementor-element-203e907b elementor-widget elementor-widget-text-editor\" data-id=\"203e907b\" data-element_type=\"widget\" data-widget_type=\"text-editor.default\">\n\t\t\t\t<div class=\"elementor-widget-container\">\n\t\t\t\t\t\t\t<p>N\u2019h\u00e9sitez pas \u00e0 nous contacter<\/p>\t\t\t\t\t\t<\/div>\n\t\t\t\t<\/div>\n\t\t\t\t<div class=\"elementor-element elementor-element-7a0df548 elementor-align-center elementor-mobile-align-center elementor-widget elementor-widget-button\" data-id=\"7a0df548\" data-element_type=\"widget\" data-widget_type=\"button.default\">\n\t\t\t\t<div class=\"elementor-widget-container\">\n\t\t\t\t\t\t\t<div class=\"elementor-button-wrapper\">\n\t\t\t\t\t<a class=\"elementor-button elementor-button-link elementor-size-sm\" href=\"https:\/\/kiwo.fr\/index.php\/contact\/\">\n\t\t\t\t\t\t<span class=\"elementor-button-content-wrapper\">\n\t\t\t\t\t\t\t\t\t<span class=\"elementor-button-text\">Nous contacter<\/span>\n\t\t\t\t\t<\/span>\n\t\t\t\t\t<\/a>\n\t\t\t\t<\/div>\n\t\t\t\t\t\t<\/div>\n\t\t\t\t<\/div>\n\t\t\t\t\t<\/div>\n\t\t\t\t<\/div>\n\t\t\t\t<\/div>\n\t\t","protected":false},"excerpt":{"rendered":"<p>Nos Services Nous vous accompagnons sur tous vos projets, audites, budg\u00e9taire, d\u00e9veloppement, formation, technique et autres Nos Services Nos services propos\u00e9s pour mieux vous accompagner Qualit\u00e9 \u00c9laboration de sch\u00e9mas d\u2019exploitation et r\u00e9organisation des services.Projet d\u2019\u00e9tablissement ou de service.Conception de plannings en liaison avec la structure, les besoins et le personnel.Montage de projet architectural qualit\u00e9. Service [&hellip;]<\/p>\n","protected":false},"author":1,"featured_media":0,"parent":0,"menu_order":0,"comment_status":"closed","ping_status":"closed","template":"","meta":{"footnotes":""},"class_list":["post-420","page","type-page","status-publish","hentry","entry"],"yoast_head":"<!-- This site is optimized with the Yoast SEO plugin v23.7 - https:\/\/yoast.com\/wordpress\/plugins\/seo\/ -->\n<title>Services propos\u00e9s - Kiwo<\/title>\n<meta name=\"robots\" content=\"index, follow, max-snippet:-1, max-image-preview:large, max-video-preview:-1\" \/>\n<link rel=\"canonical\" href=\"https:\/\/kiwo.fr\/index.php\/services-proposes\/\" \/>\n<meta property=\"og:locale\" content=\"en_US\" \/>\n<meta property=\"og:type\" content=\"article\" \/>\n<meta property=\"og:title\" content=\"Services propos\u00e9s - Kiwo\" \/>\n<meta property=\"og:description\" content=\"Nos Services Nous vous accompagnons sur tous vos projets, audites, budg\u00e9taire, d\u00e9veloppement, formation, technique et autres Nos Services Nos services propos\u00e9s pour mieux vous accompagner Qualit\u00e9 \u00c9laboration de sch\u00e9mas d\u2019exploitation et r\u00e9organisation des services.Projet d\u2019\u00e9tablissement ou de service.Conception de plannings en liaison avec la structure, les besoins et le personnel.Montage de projet architectural qualit\u00e9. Service [&hellip;]\" \/>\n<meta property=\"og:url\" content=\"https:\/\/kiwo.fr\/index.php\/services-proposes\/\" \/>\n<meta property=\"og:site_name\" content=\"Kiwo\" \/>\n<meta property=\"article:modified_time\" content=\"2024-07-03T13:09:51+00:00\" \/>\n<meta property=\"og:image\" content=\"http:\/\/kiwo.fr\/wp-content\/uploads\/2024\/07\/15773.jpg\" \/>\n<meta name=\"twitter:card\" content=\"summary_large_image\" \/>\n<meta name=\"twitter:label1\" content=\"Est. reading time\" \/>\n\t<meta name=\"twitter:data1\" content=\"1 minute\" \/>\n<script type=\"application\/ld+json\" class=\"yoast-schema-graph\">{\"@context\":\"https:\/\/schema.org\",\"@graph\":[{\"@type\":\"WebPage\",\"@id\":\"https:\/\/kiwo.fr\/index.php\/services-proposes\/\",\"url\":\"https:\/\/kiwo.fr\/index.php\/services-proposes\/\",\"name\":\"Services propos\u00e9s - Kiwo\",\"isPartOf\":{\"@id\":\"http:\/\/kiwo.fr\/#website\"},\"primaryImageOfPage\":{\"@id\":\"https:\/\/kiwo.fr\/index.php\/services-proposes\/#primaryimage\"},\"image\":{\"@id\":\"https:\/\/kiwo.fr\/index.php\/services-proposes\/#primaryimage\"},\"thumbnailUrl\":\"http:\/\/kiwo.fr\/wp-content\/uploads\/2024\/07\/15773.jpg\",\"datePublished\":\"2024-07-02T15:56:34+00:00\",\"dateModified\":\"2024-07-03T13:09:51+00:00\",\"breadcrumb\":{\"@id\":\"https:\/\/kiwo.fr\/index.php\/services-proposes\/#breadcrumb\"},\"inLanguage\":\"en-US\",\"potentialAction\":[{\"@type\":\"ReadAction\",\"target\":[\"https:\/\/kiwo.fr\/index.php\/services-proposes\/\"]}]},{\"@type\":\"ImageObject\",\"inLanguage\":\"en-US\",\"@id\":\"https:\/\/kiwo.fr\/index.php\/services-proposes\/#primaryimage\",\"url\":\"https:\/\/kiwo.fr\/wp-content\/uploads\/2024\/07\/15773.jpg\",\"contentUrl\":\"https:\/\/kiwo.fr\/wp-content\/uploads\/2024\/07\/15773.jpg\",\"width\":2000,\"height\":1333},{\"@type\":\"BreadcrumbList\",\"@id\":\"https:\/\/kiwo.fr\/index.php\/services-proposes\/#breadcrumb\",\"itemListElement\":[{\"@type\":\"ListItem\",\"position\":1,\"name\":\"Accueil\",\"item\":\"http:\/\/kiwo.fr\/\"},{\"@type\":\"ListItem\",\"position\":2,\"name\":\"Services propos\u00e9s\"}]},{\"@type\":\"WebSite\",\"@id\":\"http:\/\/kiwo.fr\/#website\",\"url\":\"http:\/\/kiwo.fr\/\",\"name\":\"Kiwo\",\"description\":\"Accompagnement et logiciels dans la gestion de vos \u00e9tablissements m\u00e9dico-social\",\"publisher\":{\"@id\":\"http:\/\/kiwo.fr\/#organization\"},\"potentialAction\":[{\"@type\":\"SearchAction\",\"target\":{\"@type\":\"EntryPoint\",\"urlTemplate\":\"http:\/\/kiwo.fr\/?s={search_term_string}\"},\"query-input\":{\"@type\":\"PropertyValueSpecification\",\"valueRequired\":true,\"valueName\":\"search_term_string\"}}],\"inLanguage\":\"en-US\"},{\"@type\":\"Organization\",\"@id\":\"http:\/\/kiwo.fr\/#organization\",\"name\":\"Kiwo\",\"url\":\"http:\/\/kiwo.fr\/\",\"logo\":{\"@type\":\"ImageObject\",\"inLanguage\":\"en-US\",\"@id\":\"http:\/\/kiwo.fr\/#\/schema\/logo\/image\/\",\"url\":\"https:\/\/kiwo.fr\/wp-content\/uploads\/2024\/08\/cropped-kiwo-logo-2.png\",\"contentUrl\":\"https:\/\/kiwo.fr\/wp-content\/uploads\/2024\/08\/cropped-kiwo-logo-2.png\",\"width\":547,\"height\":150,\"caption\":\"Kiwo\"},\"image\":{\"@id\":\"http:\/\/kiwo.fr\/#\/schema\/logo\/image\/\"}}]}<\/script>\n<!-- \/ Yoast SEO plugin. -->","yoast_head_json":{"title":"Services propos\u00e9s - Kiwo","robots":{"index":"index","follow":"follow","max-snippet":"max-snippet:-1","max-image-preview":"max-image-preview:large","max-video-preview":"max-video-preview:-1"},"canonical":"https:\/\/kiwo.fr\/index.php\/services-proposes\/","og_locale":"en_US","og_type":"article","og_title":"Services propos\u00e9s - Kiwo","og_description":"Nos Services Nous vous accompagnons sur tous vos projets, audites, budg\u00e9taire, d\u00e9veloppement, formation, technique et autres Nos Services Nos services propos\u00e9s pour mieux vous accompagner Qualit\u00e9 \u00c9laboration de sch\u00e9mas d\u2019exploitation et r\u00e9organisation des services.Projet d\u2019\u00e9tablissement ou de service.Conception de plannings en liaison avec la structure, les besoins et le personnel.Montage de projet architectural qualit\u00e9. Service [&hellip;]","og_url":"https:\/\/kiwo.fr\/index.php\/services-proposes\/","og_site_name":"Kiwo","article_modified_time":"2024-07-03T13:09:51+00:00","og_image":[{"url":"http:\/\/kiwo.fr\/wp-content\/uploads\/2024\/07\/15773.jpg"}],"twitter_card":"summary_large_image","twitter_misc":{"Est. reading time":"1 minute"},"schema":{"@context":"https:\/\/schema.org","@graph":[{"@type":"WebPage","@id":"https:\/\/kiwo.fr\/index.php\/services-proposes\/","url":"https:\/\/kiwo.fr\/index.php\/services-proposes\/","name":"Services propos\u00e9s - Kiwo","isPartOf":{"@id":"http:\/\/kiwo.fr\/#website"},"primaryImageOfPage":{"@id":"https:\/\/kiwo.fr\/index.php\/services-proposes\/#primaryimage"},"image":{"@id":"https:\/\/kiwo.fr\/index.php\/services-proposes\/#primaryimage"},"thumbnailUrl":"http:\/\/kiwo.fr\/wp-content\/uploads\/2024\/07\/15773.jpg","datePublished":"2024-07-02T15:56:34+00:00","dateModified":"2024-07-03T13:09:51+00:00","breadcrumb":{"@id":"https:\/\/kiwo.fr\/index.php\/services-proposes\/#breadcrumb"},"inLanguage":"en-US","potentialAction":[{"@type":"ReadAction","target":["https:\/\/kiwo.fr\/index.php\/services-proposes\/"]}]},{"@type":"ImageObject","inLanguage":"en-US","@id":"https:\/\/kiwo.fr\/index.php\/services-proposes\/#primaryimage","url":"https:\/\/kiwo.fr\/wp-content\/uploads\/2024\/07\/15773.jpg","contentUrl":"https:\/\/kiwo.fr\/wp-content\/uploads\/2024\/07\/15773.jpg","width":2000,"height":1333},{"@type":"BreadcrumbList","@id":"https:\/\/kiwo.fr\/index.php\/services-proposes\/#breadcrumb","itemListElement":[{"@type":"ListItem","position":1,"name":"Accueil","item":"http:\/\/kiwo.fr\/"},{"@type":"ListItem","position":2,"name":"Services propos\u00e9s"}]},{"@type":"WebSite","@id":"http:\/\/kiwo.fr\/#website","url":"http:\/\/kiwo.fr\/","name":"Kiwo","description":"Accompagnement et logiciels dans la gestion de vos \u00e9tablissements m\u00e9dico-social","publisher":{"@id":"http:\/\/kiwo.fr\/#organization"},"potentialAction":[{"@type":"SearchAction","target":{"@type":"EntryPoint","urlTemplate":"http:\/\/kiwo.fr\/?s={search_term_string}"},"query-input":{"@type":"PropertyValueSpecification","valueRequired":true,"valueName":"search_term_string"}}],"inLanguage":"en-US"},{"@type":"Organization","@id":"http:\/\/kiwo.fr\/#organization","name":"Kiwo","url":"http:\/\/kiwo.fr\/","logo":{"@type":"ImageObject","inLanguage":"en-US","@id":"http:\/\/kiwo.fr\/#\/schema\/logo\/image\/","url":"https:\/\/kiwo.fr\/wp-content\/uploads\/2024\/08\/cropped-kiwo-logo-2.png","contentUrl":"https:\/\/kiwo.fr\/wp-content\/uploads\/2024\/08\/cropped-kiwo-logo-2.png","width":547,"height":150,"caption":"Kiwo"},"image":{"@id":"http:\/\/kiwo.fr\/#\/schema\/logo\/image\/"}}]}},"_links":{"self":[{"href":"https:\/\/kiwo.fr\/index.php\/wp-json\/wp\/v2\/pages\/420","targetHints":{"allow":["GET"]}}],"collection":[{"href":"https:\/\/kiwo.fr\/index.php\/wp-json\/wp\/v2\/pages"}],"about":[{"href":"https:\/\/kiwo.fr\/index.php\/wp-json\/wp\/v2\/types\/page"}],"author":[{"embeddable":true,"href":"https:\/\/kiwo.fr\/index.php\/wp-json\/wp\/v2\/users\/1"}],"replies":[{"embeddable":true,"href":"https:\/\/kiwo.fr\/index.php\/wp-json\/wp\/v2\/comments?post=420"}],"version-history":[{"count":13,"href":"https:\/\/kiwo.fr\/index.php\/wp-json\/wp\/v2\/pages\/420\/revisions"}],"predecessor-version":[{"id":443,"href":"https:\/\/kiwo.fr\/index.php\/wp-json\/wp\/v2\/pages\/420\/revisions\/443"}],"wp:attachment":[{"href":"https:\/\/kiwo.fr\/index.php\/wp-json\/wp\/v2\/media?parent=420"}],"curies":[{"name":"wp","href":"https:\/\/api.w.org\/{rel}","templated":true}]}}