{"id":557,"date":"2024-07-08T10:32:04","date_gmt":"2024-07-08T08:32:04","guid":{"rendered":"https:\/\/kiwo.fr\/?page_id=557"},"modified":"2024-07-08T10:40:03","modified_gmt":"2024-07-08T08:40:03","slug":"autres-logiciels-technique","status":"publish","type":"page","link":"https:\/\/kiwo.fr\/index.php\/autres-logiciels-technique\/","title":{"rendered":"Autres Logiciels Technique"},"content":{"rendered":"\t\t<div data-elementor-type=\"wp-page\" data-elementor-id=\"557\" class=\"elementor elementor-557\">\n\t\t\t\t<div class=\"elementor-element elementor-element-6100d408 e-con-full e-flex e-con e-parent\" data-id=\"6100d408\" data-element_type=\"container\" data-settings=\"{&quot;background_background&quot;:&quot;classic&quot;}\">\n\t\t<div class=\"elementor-element elementor-element-1e238cbb e-con-full e-flex e-con e-child\" data-id=\"1e238cbb\" data-element_type=\"container\">\n\t\t\t\t<div class=\"elementor-element elementor-element-72921267 elementor-widget elementor-widget-image\" data-id=\"72921267\" data-element_type=\"widget\" data-widget_type=\"image.default\">\n\t\t\t\t<div class=\"elementor-widget-container\">\n\t\t\t\t\t\t\t\t\t\t\t\t\t<img fetchpriority=\"high\" decoding=\"async\" width=\"1024\" height=\"684\" src=\"https:\/\/kiwo.fr\/wp-content\/uploads\/2024\/06\/790-1024x684.jpg\" class=\"attachment-large size-large wp-image-152\" alt=\"\" srcset=\"https:\/\/kiwo.fr\/wp-content\/uploads\/2024\/06\/790-1024x684.jpg 1024w, https:\/\/kiwo.fr\/wp-content\/uploads\/2024\/06\/790-300x200.jpg 300w, https:\/\/kiwo.fr\/wp-content\/uploads\/2024\/06\/790-768x513.jpg 768w, https:\/\/kiwo.fr\/wp-content\/uploads\/2024\/06\/790-1536x1025.jpg 1536w, https:\/\/kiwo.fr\/wp-content\/uploads\/2024\/06\/790.jpg 2000w\" sizes=\"(max-width: 1024px) 100vw, 1024px\" \/>\t\t\t\t\t\t\t\t\t\t\t\t\t<\/div>\n\t\t\t\t<\/div>\n\t\t\t\t<\/div>\n\t\t<div class=\"elementor-element elementor-element-519c6466 e-con-full e-flex e-con e-child\" data-id=\"519c6466\" data-element_type=\"container\">\n\t\t\t\t<div class=\"elementor-element elementor-element-46ffde6e elementor-widget elementor-widget-heading\" data-id=\"46ffde6e\" data-element_type=\"widget\" data-widget_type=\"heading.default\">\n\t\t\t\t<div class=\"elementor-widget-container\">\n\t\t\t<h1 class=\"elementor-heading-title elementor-size-default\">Autres logiciels<\/h1>\t\t<\/div>\n\t\t\t\t<\/div>\n\t\t\t\t<div class=\"elementor-element elementor-element-5036bf1f elementor-widget elementor-widget-text-editor\" data-id=\"5036bf1f\" data-element_type=\"widget\" data-widget_type=\"text-editor.default\">\n\t\t\t\t<div class=\"elementor-widget-container\">\n\t\t\t\t\t\t\t<p>Ensemble des autres logiciels compl\u00e9mentaires pour la gamme technique du m\u00e9dico-social.<\/p>\t\t\t\t\t\t<\/div>\n\t\t\t\t<\/div>\n\t\t\t\t<\/div>\n\t\t\t\t<\/div>\n\t\t<div class=\"elementor-element elementor-element-1c0482fb e-con-full e-flex e-con e-parent\" data-id=\"1c0482fb\" data-element_type=\"container\" data-settings=\"{&quot;background_background&quot;:&quot;classic&quot;}\">\n\t\t<div class=\"elementor-element elementor-element-153e1ae9 e-con-full e-flex e-con e-child\" data-id=\"153e1ae9\" data-element_type=\"container\">\n\t\t\t\t<div class=\"elementor-element elementor-element-6f442b04 elementor-widget elementor-widget-heading\" data-id=\"6f442b04\" data-element_type=\"widget\" data-widget_type=\"heading.default\">\n\t\t\t\t<div class=\"elementor-widget-container\">\n\t\t\t<h2 class=\"elementor-heading-title elementor-size-default\">GestiProjet<\/h2>\t\t<\/div>\n\t\t\t\t<\/div>\n\t\t\t\t<div class=\"elementor-element elementor-element-1ada31b5 elementor-widget elementor-widget-text-editor\" data-id=\"1ada31b5\" data-element_type=\"widget\" data-widget_type=\"text-editor.default\">\n\t\t\t\t<div class=\"elementor-widget-container\">\n\t\t\t\t\t\t\t<p><strong>Conception et suivi d\u2019un projet architectural<\/strong><\/p><p>\u00c9laboration d\u2019un projet architectural avec planning et budget financier.<br \/>Suivi des op\u00e9rations et validations des phases.<\/p>\t\t\t\t\t\t<\/div>\n\t\t\t\t<\/div>\n\t\t\t\t<\/div>\n\t\t<div class=\"elementor-element elementor-element-52ada470 e-con-full e-flex e-con e-child\" data-id=\"52ada470\" data-element_type=\"container\">\n\t\t\t\t<div class=\"elementor-element elementor-element-1638bb05 elementor-widget elementor-widget-image\" data-id=\"1638bb05\" data-element_type=\"widget\" data-widget_type=\"image.default\">\n\t\t\t\t<div class=\"elementor-widget-container\">\n\t\t\t\t\t\t\t\t\t\t\t\t\t<img decoding=\"async\" width=\"512\" height=\"512\" src=\"https:\/\/kiwo.fr\/wp-content\/uploads\/2024\/07\/GestiProjet.png\" class=\"attachment-large size-large wp-image-515\" alt=\"\" srcset=\"https:\/\/kiwo.fr\/wp-content\/uploads\/2024\/07\/GestiProjet.png 512w, https:\/\/kiwo.fr\/wp-content\/uploads\/2024\/07\/GestiProjet-300x300.png 300w, https:\/\/kiwo.fr\/wp-content\/uploads\/2024\/07\/GestiProjet-150x150.png 150w\" sizes=\"(max-width: 512px) 100vw, 512px\" \/>\t\t\t\t\t\t\t\t\t\t\t\t\t<\/div>\n\t\t\t\t<\/div>\n\t\t\t\t<\/div>\n\t\t\t\t<\/div>\n\t\t<div class=\"elementor-element elementor-element-87a4789 e-con-full e-flex e-con e-parent\" data-id=\"87a4789\" data-element_type=\"container\" data-settings=\"{&quot;background_background&quot;:&quot;classic&quot;}\">\n\t\t<div class=\"elementor-element elementor-element-0970dd1 e-con-full e-flex e-con e-child\" data-id=\"0970dd1\" data-element_type=\"container\">\n\t\t\t\t<div class=\"elementor-element elementor-element-c99a4aa elementor-widget elementor-widget-heading\" data-id=\"c99a4aa\" data-element_type=\"widget\" data-widget_type=\"heading.default\">\n\t\t\t\t<div class=\"elementor-widget-container\">\n\t\t\t<h2 class=\"elementor-heading-title elementor-size-default\">GestImmo<\/h2>\t\t<\/div>\n\t\t\t\t<\/div>\n\t\t\t\t<div class=\"elementor-element elementor-element-c6def69 elementor-widget elementor-widget-text-editor\" data-id=\"c6def69\" data-element_type=\"widget\" data-widget_type=\"text-editor.default\">\n\t\t\t\t<div class=\"elementor-widget-container\">\n\t\t\t\t\t\t\t<p><strong>Gestion des immobilisations et des amortissements<\/strong><\/p><p>Gestion et suivi des immobilisations et des amortissements<br \/>Calcul des plans d\u2019amortissements et des charges aff\u00e9rentes<br \/>Editions les listes.<\/p>\t\t\t\t\t\t<\/div>\n\t\t\t\t<\/div>\n\t\t\t\t<\/div>\n\t\t<div class=\"elementor-element elementor-element-5186b1e e-con-full e-flex e-con e-child\" data-id=\"5186b1e\" data-element_type=\"container\">\n\t\t\t\t<div class=\"elementor-element elementor-element-dab5116 elementor-widget elementor-widget-image\" data-id=\"dab5116\" data-element_type=\"widget\" data-widget_type=\"image.default\">\n\t\t\t\t<div class=\"elementor-widget-container\">\n\t\t\t\t\t\t\t\t\t\t\t\t\t<img decoding=\"async\" width=\"512\" height=\"512\" src=\"https:\/\/kiwo.fr\/wp-content\/uploads\/2024\/07\/Gestimmo.png\" class=\"attachment-large size-large wp-image-517\" alt=\"\" srcset=\"https:\/\/kiwo.fr\/wp-content\/uploads\/2024\/07\/Gestimmo.png 512w, https:\/\/kiwo.fr\/wp-content\/uploads\/2024\/07\/Gestimmo-300x300.png 300w, https:\/\/kiwo.fr\/wp-content\/uploads\/2024\/07\/Gestimmo-150x150.png 150w\" sizes=\"(max-width: 512px) 100vw, 512px\" \/>\t\t\t\t\t\t\t\t\t\t\t\t\t<\/div>\n\t\t\t\t<\/div>\n\t\t\t\t<\/div>\n\t\t\t\t<\/div>\n\t\t<div class=\"elementor-element elementor-element-1e7f4fe2 e-con-full e-flex e-con e-parent\" data-id=\"1e7f4fe2\" data-element_type=\"container\" data-settings=\"{&quot;background_background&quot;:&quot;classic&quot;}\">\n\t\t<div class=\"elementor-element elementor-element-4a5d0a98 e-con-full e-flex e-con e-child\" data-id=\"4a5d0a98\" data-element_type=\"container\">\n\t\t\t\t<div class=\"elementor-element elementor-element-358fd14f elementor-widget elementor-widget-heading\" data-id=\"358fd14f\" data-element_type=\"widget\" data-widget_type=\"heading.default\">\n\t\t\t\t<div class=\"elementor-widget-container\">\n\t\t\t<h2 class=\"elementor-heading-title elementor-size-default\">GestiStock<\/h2>\t\t<\/div>\n\t\t\t\t<\/div>\n\t\t\t\t<div class=\"elementor-element elementor-element-71ddc925 elementor-widget elementor-widget-text-editor\" data-id=\"71ddc925\" data-element_type=\"widget\" data-widget_type=\"text-editor.default\">\n\t\t\t\t<div class=\"elementor-widget-container\">\n\t\t\t\t\t\t\t<p>Gestion des diff\u00e9rents stocks des produits et des mat\u00e9riels des structures entr\u00e9es et des sorties.<br \/>Commandes aupr\u00e8s des fournisseurs.<br \/>Situations de stocks interm\u00e9diaires pour bilan et finance.<br \/>Etiquetage de tra\u00e7abilit\u00e9 des mat\u00e9riels avec fiche de suivi.<br \/>Statistiques de consommation et de budgets.<br \/>Interface d\u00e9di\u00e9e aux mat\u00e9riels et produits : produits incontinence, produits d\u2019entretien, produits lessiviel, fournitures d\u2019entretien et de maintenance.<\/p>\t\t\t\t\t\t<\/div>\n\t\t\t\t<\/div>\n\t\t\t\t<\/div>\n\t\t<div class=\"elementor-element elementor-element-744fb164 e-con-full e-flex e-con e-child\" data-id=\"744fb164\" data-element_type=\"container\">\n\t\t\t\t<div class=\"elementor-element elementor-element-6cb55c01 elementor-widget elementor-widget-image\" data-id=\"6cb55c01\" data-element_type=\"widget\" data-widget_type=\"image.default\">\n\t\t\t\t<div class=\"elementor-widget-container\">\n\t\t\t\t\t\t\t\t\t\t\t\t\t<img loading=\"lazy\" decoding=\"async\" width=\"512\" height=\"512\" src=\"https:\/\/kiwo.fr\/wp-content\/uploads\/2024\/07\/GestiStock.png\" class=\"attachment-large size-large wp-image-516\" alt=\"\" srcset=\"https:\/\/kiwo.fr\/wp-content\/uploads\/2024\/07\/GestiStock.png 512w, https:\/\/kiwo.fr\/wp-content\/uploads\/2024\/07\/GestiStock-300x300.png 300w, https:\/\/kiwo.fr\/wp-content\/uploads\/2024\/07\/GestiStock-150x150.png 150w\" sizes=\"(max-width: 512px) 100vw, 512px\" \/>\t\t\t\t\t\t\t\t\t\t\t\t\t<\/div>\n\t\t\t\t<\/div>\n\t\t\t\t<\/div>\n\t\t\t\t<\/div>\n\t\t<div class=\"elementor-element elementor-element-6ce98b09 e-flex e-con-boxed e-con e-parent\" data-id=\"6ce98b09\" data-element_type=\"container\" data-settings=\"{&quot;background_background&quot;:&quot;classic&quot;}\">\n\t\t\t\t\t<div class=\"e-con-inner\">\n\t\t\t\t<div class=\"elementor-element elementor-element-459db1ff elementor-widget elementor-widget-heading\" data-id=\"459db1ff\" data-element_type=\"widget\" data-widget_type=\"heading.default\">\n\t\t\t\t<div class=\"elementor-widget-container\">\n\t\t\t<h3 class=\"elementor-heading-title elementor-size-default\">Vous d\u00e9sirez en savoir plus<\/h3>\t\t<\/div>\n\t\t\t\t<\/div>\n\t\t\t\t<div class=\"elementor-element elementor-element-1b4e102 elementor-widget elementor-widget-text-editor\" data-id=\"1b4e102\" data-element_type=\"widget\" data-widget_type=\"text-editor.default\">\n\t\t\t\t<div class=\"elementor-widget-container\">\n\t\t\t\t\t\t\t<p>N\u2019h\u00e9sitez pas \u00e0 nous contacter<\/p>\t\t\t\t\t\t<\/div>\n\t\t\t\t<\/div>\n\t\t\t\t<div class=\"elementor-element elementor-element-2797324e elementor-mobile-align-center elementor-align-center elementor-widget elementor-widget-button\" data-id=\"2797324e\" data-element_type=\"widget\" data-widget_type=\"button.default\">\n\t\t\t\t<div class=\"elementor-widget-container\">\n\t\t\t\t\t\t\t<div class=\"elementor-button-wrapper\">\n\t\t\t\t\t<a class=\"elementor-button elementor-button-link elementor-size-sm\" href=\"https:\/\/kiwo.fr\/index.php\/contact\/\">\n\t\t\t\t\t\t<span class=\"elementor-button-content-wrapper\">\n\t\t\t\t\t\t\t\t\t<span class=\"elementor-button-text\">Nous contacter<\/span>\n\t\t\t\t\t<\/span>\n\t\t\t\t\t<\/a>\n\t\t\t\t<\/div>\n\t\t\t\t\t\t<\/div>\n\t\t\t\t<\/div>\n\t\t\t\t\t<\/div>\n\t\t\t\t<\/div>\n\t\t\t\t<\/div>\n\t\t","protected":false},"excerpt":{"rendered":"<p>Autres logiciels Ensemble des autres logiciels compl\u00e9mentaires pour la gamme technique du m\u00e9dico-social. GestiProjet Conception et suivi d\u2019un projet architectural \u00c9laboration d\u2019un projet architectural avec planning et budget financier.Suivi des op\u00e9rations et validations des phases. GestImmo Gestion des immobilisations et des amortissements Gestion et suivi des immobilisations et des amortissementsCalcul des plans d\u2019amortissements et des [&hellip;]<\/p>\n","protected":false},"author":1,"featured_media":0,"parent":0,"menu_order":0,"comment_status":"closed","ping_status":"closed","template":"","meta":{"footnotes":""},"class_list":["post-557","page","type-page","status-publish","hentry","entry"],"yoast_head":"<!-- This site is optimized with the Yoast SEO plugin v23.7 - https:\/\/yoast.com\/wordpress\/plugins\/seo\/ -->\n<title>Autres Logiciels Technique - Kiwo<\/title>\n<meta name=\"robots\" content=\"index, follow, max-snippet:-1, max-image-preview:large, max-video-preview:-1\" \/>\n<link rel=\"canonical\" href=\"https:\/\/kiwo.fr\/index.php\/autres-logiciels-technique\/\" \/>\n<meta property=\"og:locale\" content=\"en_US\" \/>\n<meta property=\"og:type\" content=\"article\" \/>\n<meta property=\"og:title\" content=\"Autres Logiciels Technique - Kiwo\" \/>\n<meta property=\"og:description\" content=\"Autres logiciels Ensemble des autres logiciels compl\u00e9mentaires pour la gamme technique du m\u00e9dico-social. GestiProjet Conception et suivi d\u2019un projet architectural \u00c9laboration d\u2019un projet architectural avec planning et budget financier.Suivi des op\u00e9rations et validations des phases. GestImmo Gestion des immobilisations et des amortissements Gestion et suivi des immobilisations et des amortissementsCalcul des plans d\u2019amortissements et des [&hellip;]\" \/>\n<meta property=\"og:url\" content=\"https:\/\/kiwo.fr\/index.php\/autres-logiciels-technique\/\" \/>\n<meta property=\"og:site_name\" content=\"Kiwo\" \/>\n<meta property=\"article:modified_time\" content=\"2024-07-08T08:40:03+00:00\" \/>\n<meta property=\"og:image\" content=\"http:\/\/kiwo.fr\/wp-content\/uploads\/2024\/06\/790-1024x684.jpg\" \/>\n<meta name=\"twitter:card\" content=\"summary_large_image\" \/>\n<meta name=\"twitter:label1\" content=\"Est. reading time\" \/>\n\t<meta name=\"twitter:data1\" content=\"1 minute\" \/>\n<script type=\"application\/ld+json\" class=\"yoast-schema-graph\">{\"@context\":\"https:\/\/schema.org\",\"@graph\":[{\"@type\":\"WebPage\",\"@id\":\"https:\/\/kiwo.fr\/index.php\/autres-logiciels-technique\/\",\"url\":\"https:\/\/kiwo.fr\/index.php\/autres-logiciels-technique\/\",\"name\":\"Autres Logiciels Technique - Kiwo\",\"isPartOf\":{\"@id\":\"http:\/\/kiwo.fr\/#website\"},\"primaryImageOfPage\":{\"@id\":\"https:\/\/kiwo.fr\/index.php\/autres-logiciels-technique\/#primaryimage\"},\"image\":{\"@id\":\"https:\/\/kiwo.fr\/index.php\/autres-logiciels-technique\/#primaryimage\"},\"thumbnailUrl\":\"http:\/\/kiwo.fr\/wp-content\/uploads\/2024\/06\/790-1024x684.jpg\",\"datePublished\":\"2024-07-08T08:32:04+00:00\",\"dateModified\":\"2024-07-08T08:40:03+00:00\",\"breadcrumb\":{\"@id\":\"https:\/\/kiwo.fr\/index.php\/autres-logiciels-technique\/#breadcrumb\"},\"inLanguage\":\"en-US\",\"potentialAction\":[{\"@type\":\"ReadAction\",\"target\":[\"https:\/\/kiwo.fr\/index.php\/autres-logiciels-technique\/\"]}]},{\"@type\":\"ImageObject\",\"inLanguage\":\"en-US\",\"@id\":\"https:\/\/kiwo.fr\/index.php\/autres-logiciels-technique\/#primaryimage\",\"url\":\"https:\/\/kiwo.fr\/wp-content\/uploads\/2024\/06\/790.jpg\",\"contentUrl\":\"https:\/\/kiwo.fr\/wp-content\/uploads\/2024\/06\/790.jpg\",\"width\":2000,\"height\":1335},{\"@type\":\"BreadcrumbList\",\"@id\":\"https:\/\/kiwo.fr\/index.php\/autres-logiciels-technique\/#breadcrumb\",\"itemListElement\":[{\"@type\":\"ListItem\",\"position\":1,\"name\":\"Accueil\",\"item\":\"http:\/\/kiwo.fr\/\"},{\"@type\":\"ListItem\",\"position\":2,\"name\":\"Autres Logiciels Technique\"}]},{\"@type\":\"WebSite\",\"@id\":\"http:\/\/kiwo.fr\/#website\",\"url\":\"http:\/\/kiwo.fr\/\",\"name\":\"Kiwo\",\"description\":\"Accompagnement et logiciels dans la gestion de vos \u00e9tablissements m\u00e9dico-social\",\"publisher\":{\"@id\":\"http:\/\/kiwo.fr\/#organization\"},\"potentialAction\":[{\"@type\":\"SearchAction\",\"target\":{\"@type\":\"EntryPoint\",\"urlTemplate\":\"http:\/\/kiwo.fr\/?s={search_term_string}\"},\"query-input\":{\"@type\":\"PropertyValueSpecification\",\"valueRequired\":true,\"valueName\":\"search_term_string\"}}],\"inLanguage\":\"en-US\"},{\"@type\":\"Organization\",\"@id\":\"http:\/\/kiwo.fr\/#organization\",\"name\":\"Kiwo\",\"url\":\"http:\/\/kiwo.fr\/\",\"logo\":{\"@type\":\"ImageObject\",\"inLanguage\":\"en-US\",\"@id\":\"http:\/\/kiwo.fr\/#\/schema\/logo\/image\/\",\"url\":\"https:\/\/kiwo.fr\/wp-content\/uploads\/2024\/08\/cropped-kiwo-logo-2.png\",\"contentUrl\":\"https:\/\/kiwo.fr\/wp-content\/uploads\/2024\/08\/cropped-kiwo-logo-2.png\",\"width\":547,\"height\":150,\"caption\":\"Kiwo\"},\"image\":{\"@id\":\"http:\/\/kiwo.fr\/#\/schema\/logo\/image\/\"}}]}<\/script>\n<!-- \/ Yoast SEO plugin. -->","yoast_head_json":{"title":"Autres Logiciels Technique - Kiwo","robots":{"index":"index","follow":"follow","max-snippet":"max-snippet:-1","max-image-preview":"max-image-preview:large","max-video-preview":"max-video-preview:-1"},"canonical":"https:\/\/kiwo.fr\/index.php\/autres-logiciels-technique\/","og_locale":"en_US","og_type":"article","og_title":"Autres Logiciels Technique - Kiwo","og_description":"Autres logiciels Ensemble des autres logiciels compl\u00e9mentaires pour la gamme technique du m\u00e9dico-social. GestiProjet Conception et suivi d\u2019un projet architectural \u00c9laboration d\u2019un projet architectural avec planning et budget financier.Suivi des op\u00e9rations et validations des phases. GestImmo Gestion des immobilisations et des amortissements Gestion et suivi des immobilisations et des amortissementsCalcul des plans d\u2019amortissements et des [&hellip;]","og_url":"https:\/\/kiwo.fr\/index.php\/autres-logiciels-technique\/","og_site_name":"Kiwo","article_modified_time":"2024-07-08T08:40:03+00:00","og_image":[{"url":"http:\/\/kiwo.fr\/wp-content\/uploads\/2024\/06\/790-1024x684.jpg"}],"twitter_card":"summary_large_image","twitter_misc":{"Est. reading time":"1 minute"},"schema":{"@context":"https:\/\/schema.org","@graph":[{"@type":"WebPage","@id":"https:\/\/kiwo.fr\/index.php\/autres-logiciels-technique\/","url":"https:\/\/kiwo.fr\/index.php\/autres-logiciels-technique\/","name":"Autres Logiciels Technique - Kiwo","isPartOf":{"@id":"http:\/\/kiwo.fr\/#website"},"primaryImageOfPage":{"@id":"https:\/\/kiwo.fr\/index.php\/autres-logiciels-technique\/#primaryimage"},"image":{"@id":"https:\/\/kiwo.fr\/index.php\/autres-logiciels-technique\/#primaryimage"},"thumbnailUrl":"http:\/\/kiwo.fr\/wp-content\/uploads\/2024\/06\/790-1024x684.jpg","datePublished":"2024-07-08T08:32:04+00:00","dateModified":"2024-07-08T08:40:03+00:00","breadcrumb":{"@id":"https:\/\/kiwo.fr\/index.php\/autres-logiciels-technique\/#breadcrumb"},"inLanguage":"en-US","potentialAction":[{"@type":"ReadAction","target":["https:\/\/kiwo.fr\/index.php\/autres-logiciels-technique\/"]}]},{"@type":"ImageObject","inLanguage":"en-US","@id":"https:\/\/kiwo.fr\/index.php\/autres-logiciels-technique\/#primaryimage","url":"https:\/\/kiwo.fr\/wp-content\/uploads\/2024\/06\/790.jpg","contentUrl":"https:\/\/kiwo.fr\/wp-content\/uploads\/2024\/06\/790.jpg","width":2000,"height":1335},{"@type":"BreadcrumbList","@id":"https:\/\/kiwo.fr\/index.php\/autres-logiciels-technique\/#breadcrumb","itemListElement":[{"@type":"ListItem","position":1,"name":"Accueil","item":"http:\/\/kiwo.fr\/"},{"@type":"ListItem","position":2,"name":"Autres Logiciels Technique"}]},{"@type":"WebSite","@id":"http:\/\/kiwo.fr\/#website","url":"http:\/\/kiwo.fr\/","name":"Kiwo","description":"Accompagnement et logiciels dans la gestion de vos \u00e9tablissements m\u00e9dico-social","publisher":{"@id":"http:\/\/kiwo.fr\/#organization"},"potentialAction":[{"@type":"SearchAction","target":{"@type":"EntryPoint","urlTemplate":"http:\/\/kiwo.fr\/?s={search_term_string}"},"query-input":{"@type":"PropertyValueSpecification","valueRequired":true,"valueName":"search_term_string"}}],"inLanguage":"en-US"},{"@type":"Organization","@id":"http:\/\/kiwo.fr\/#organization","name":"Kiwo","url":"http:\/\/kiwo.fr\/","logo":{"@type":"ImageObject","inLanguage":"en-US","@id":"http:\/\/kiwo.fr\/#\/schema\/logo\/image\/","url":"https:\/\/kiwo.fr\/wp-content\/uploads\/2024\/08\/cropped-kiwo-logo-2.png","contentUrl":"https:\/\/kiwo.fr\/wp-content\/uploads\/2024\/08\/cropped-kiwo-logo-2.png","width":547,"height":150,"caption":"Kiwo"},"image":{"@id":"http:\/\/kiwo.fr\/#\/schema\/logo\/image\/"}}]}},"_links":{"self":[{"href":"https:\/\/kiwo.fr\/index.php\/wp-json\/wp\/v2\/pages\/557","targetHints":{"allow":["GET"]}}],"collection":[{"href":"https:\/\/kiwo.fr\/index.php\/wp-json\/wp\/v2\/pages"}],"about":[{"href":"https:\/\/kiwo.fr\/index.php\/wp-json\/wp\/v2\/types\/page"}],"author":[{"embeddable":true,"href":"https:\/\/kiwo.fr\/index.php\/wp-json\/wp\/v2\/users\/1"}],"replies":[{"embeddable":true,"href":"https:\/\/kiwo.fr\/index.php\/wp-json\/wp\/v2\/comments?post=557"}],"version-history":[{"count":7,"href":"https:\/\/kiwo.fr\/index.php\/wp-json\/wp\/v2\/pages\/557\/revisions"}],"predecessor-version":[{"id":564,"href":"https:\/\/kiwo.fr\/index.php\/wp-json\/wp\/v2\/pages\/557\/revisions\/564"}],"wp:attachment":[{"href":"https:\/\/kiwo.fr\/index.php\/wp-json\/wp\/v2\/media?parent=557"}],"curies":[{"name":"wp","href":"https:\/\/api.w.org\/{rel}","templated":true}]}}