{"id":868,"date":"2024-08-06T16:39:37","date_gmt":"2024-08-06T14:39:37","guid":{"rendered":"https:\/\/kiwo.fr\/?page_id=868"},"modified":"2024-08-06T16:51:41","modified_gmt":"2024-08-06T14:51:41","slug":"nos-intervenants-de-reference-pour-levaluation","status":"publish","type":"page","link":"https:\/\/kiwo.fr\/index.php\/nos-intervenants-de-reference-pour-levaluation\/","title":{"rendered":"Notre \u00e9quipe \u00e9valuateur"},"content":{"rendered":"\t\t<div data-elementor-type=\"wp-page\" data-elementor-id=\"868\" class=\"elementor elementor-868\">\n\t\t\t\t<div class=\"elementor-element elementor-element-26cae74 e-flex e-con-boxed e-con e-parent\" data-id=\"26cae74\" data-element_type=\"container\">\n\t\t\t\t\t<div class=\"e-con-inner\">\n\t\t\t\t<div class=\"elementor-element elementor-element-2988df5 elementor-widget elementor-widget-heading\" data-id=\"2988df5\" data-element_type=\"widget\" data-widget_type=\"heading.default\">\n\t\t\t\t<div class=\"elementor-widget-container\">\n\t\t\t<h1 class=\"elementor-heading-title elementor-size-default\">Nos intervenants de r\u00e9f\u00e9rence pour l\u2019\u00e9valuation<\/h1>\t\t<\/div>\n\t\t\t\t<\/div>\n\t\t\t\t<div class=\"elementor-element elementor-element-02fca15 elementor-widget elementor-widget-text-editor\" data-id=\"02fca15\" data-element_type=\"widget\" data-widget_type=\"text-editor.default\">\n\t\t\t\t<div class=\"elementor-widget-container\">\n\t\t\t\t\t\t\t<p>\u00c9valuateurs experts de r\u00e9f\u00e9rence<\/p>\t\t\t\t\t\t<\/div>\n\t\t\t\t<\/div>\n\t\t\t\t\t<\/div>\n\t\t\t\t<\/div>\n\t\t<div class=\"elementor-element elementor-element-1d91a600 e-con-full e-flex e-con e-parent\" data-id=\"1d91a600\" data-element_type=\"container\" data-settings=\"{&quot;background_background&quot;:&quot;classic&quot;}\">\n\t\t<div class=\"elementor-element elementor-element-6208b5d7 e-con-full e-flex e-con e-child\" data-id=\"6208b5d7\" data-element_type=\"container\">\n\t\t\t\t<div class=\"elementor-element elementor-element-33a086e4 elementor-widget elementor-widget-heading\" data-id=\"33a086e4\" data-element_type=\"widget\" data-widget_type=\"heading.default\">\n\t\t\t\t<div class=\"elementor-widget-container\">\n\t\t\t<h2 class=\"elementor-heading-title elementor-size-default\">Rodolphe GALLOTTE<\/h2>\t\t<\/div>\n\t\t\t\t<\/div>\n\t\t\t\t<div class=\"elementor-element elementor-element-5f66e984 elementor-widget elementor-widget-text-editor\" data-id=\"5f66e984\" data-element_type=\"widget\" data-widget_type=\"text-editor.default\">\n\t\t\t\t<div class=\"elementor-widget-container\">\n\t\t\t\t\t\t\t<p>Dipl\u00f4me niveau 7 \u2013 Dirigeant de l\u2019\u00e9conomie m\u00e9dico-sociale<\/p><p>DU Management et marketing des structures de l\u2019\u00e9conomie sociale<\/p><p>Formations aux syst\u00e8mes de gestion des EHPAD<\/p><p>Formations \u00e0 l\u2019organisation et aux m\u00e9thodes des EHPAD<\/p><p>Expert en \u00e9valuation interne et externe<\/p><p>Concepteur du logiciel EHPAD GestiNut \u2013 D\u00e9pistage et suivi de la d\u00e9nutrition de la personne \u00e2g\u00e9e<\/p><p>Directeur EHPAD<\/p><p>24 ans en expertise d\u2019\u00e9valuation interne et externe aupr\u00e8s des \u00e9tablissements (toute la France)<\/p>\t\t\t\t\t\t<\/div>\n\t\t\t\t<\/div>\n\t\t\t\t<\/div>\n\t\t\t\t<\/div>\n\t\t<div class=\"elementor-element elementor-element-cebe275 e-con-full e-flex e-con e-parent\" data-id=\"cebe275\" data-element_type=\"container\" data-settings=\"{&quot;background_background&quot;:&quot;classic&quot;}\">\n\t\t<div class=\"elementor-element elementor-element-741a584 e-con-full e-flex e-con e-child\" data-id=\"741a584\" data-element_type=\"container\">\n\t\t\t\t<div class=\"elementor-element elementor-element-f8adb12 elementor-widget elementor-widget-heading\" data-id=\"f8adb12\" data-element_type=\"widget\" data-widget_type=\"heading.default\">\n\t\t\t\t<div class=\"elementor-widget-container\">\n\t\t\t<h2 class=\"elementor-heading-title elementor-size-default\">Laurence ADAM<\/h2>\t\t<\/div>\n\t\t\t\t<\/div>\n\t\t\t\t<div class=\"elementor-element elementor-element-644a382 elementor-widget elementor-widget-text-editor\" data-id=\"644a382\" data-element_type=\"widget\" data-widget_type=\"text-editor.default\">\n\t\t\t\t<div class=\"elementor-widget-container\">\n\t\t\t\t\t\t\t<p>Dipl\u00f4me d\u2019\u00e9tat d\u2019\u2019infirmi\u00e8re en soins g\u00e9n\u00e9raux et psychiatriques<\/p><p>Dipl\u00f4me universitaire management d\u2019\u00e9quipe en g\u00e9rontologie<\/p><p>Dipl\u00f4me universitaire \u00e9ducation th\u00e9rapeutique<\/p><p>Dipl\u00f4me universitaire soins palliatifs<\/p><p>Infirmi\u00e8re lib\u00e9rale<\/p><p>Infirmi\u00e8re coordinatrice<\/p><p>R\u00e9seau de soins palliatifs<\/p><p>Cadre de coordination d\u2019appui aux soins<\/p><p>Directrice EHPAD<\/p><p>Intervention aupr\u00e8s des \u00e9tablissements pour \u00e9valuation externe \u2013 activit\u00e9 m\u00e9dicale<\/p>\t\t\t\t\t\t<\/div>\n\t\t\t\t<\/div>\n\t\t\t\t<\/div>\n\t\t\t\t<\/div>\n\t\t<div class=\"elementor-element elementor-element-8feff2b e-con-full e-flex e-con e-parent\" data-id=\"8feff2b\" data-element_type=\"container\" data-settings=\"{&quot;background_background&quot;:&quot;classic&quot;}\">\n\t\t<div class=\"elementor-element elementor-element-bd6189a e-con-full e-flex e-con e-child\" data-id=\"bd6189a\" data-element_type=\"container\">\n\t\t\t\t<div class=\"elementor-element elementor-element-cf215a8 elementor-widget elementor-widget-heading\" data-id=\"cf215a8\" data-element_type=\"widget\" data-widget_type=\"heading.default\">\n\t\t\t\t<div class=\"elementor-widget-container\">\n\t\t\t<h2 class=\"elementor-heading-title elementor-size-default\">Catherine LAGRANGE<\/h2>\t\t<\/div>\n\t\t\t\t<\/div>\n\t\t\t\t<div class=\"elementor-element elementor-element-dbc302b elementor-widget elementor-widget-text-editor\" data-id=\"dbc302b\" data-element_type=\"widget\" data-widget_type=\"text-editor.default\">\n\t\t\t\t<div class=\"elementor-widget-container\">\n\t\t\t\t\t\t\t<p>Certificat d\u2019Evaluateur Externe (Bureau Veritas)<\/p><p>Dipl\u00f4me d\u2019Etat d\u2019Infirmi\u00e8re<\/p><p>Monitorat National de Premiers Secours<\/p><p>Infirmi\u00e8re et infirmi\u00e8re en entreprise<\/p><p>Infirmi\u00e8re de secteur (\u00e9ducation nationale)<\/p><p>Cadre de sant\u00e9 EHPAD<\/p><p>Directrice des soins<\/p><p>Directrice EHPAD<\/p><p>Directrice r\u00e9gionale EHPAD<\/p>\t\t\t\t\t\t<\/div>\n\t\t\t\t<\/div>\n\t\t\t\t<\/div>\n\t\t\t\t<\/div>\n\t\t<div class=\"elementor-element elementor-element-04f740d e-con-full e-flex e-con e-parent\" data-id=\"04f740d\" data-element_type=\"container\" data-settings=\"{&quot;background_background&quot;:&quot;classic&quot;}\">\n\t\t<div class=\"elementor-element elementor-element-498856b e-con-full e-flex e-con e-child\" data-id=\"498856b\" data-element_type=\"container\">\n\t\t\t\t<div class=\"elementor-element elementor-element-6bb08cd elementor-widget elementor-widget-heading\" data-id=\"6bb08cd\" data-element_type=\"widget\" data-widget_type=\"heading.default\">\n\t\t\t\t<div class=\"elementor-widget-container\">\n\t\t\t<h2 class=\"elementor-heading-title elementor-size-default\">C\u00e9sarina ROMANO<\/h2>\t\t<\/div>\n\t\t\t\t<\/div>\n\t\t\t\t<div class=\"elementor-element elementor-element-0342e91 elementor-widget elementor-widget-text-editor\" data-id=\"0342e91\" data-element_type=\"widget\" data-widget_type=\"text-editor.default\">\n\t\t\t\t<div class=\"elementor-widget-container\">\n\t\t\t\t\t\t\t<p>CAFERUIS<\/p><p>Master 2 \u2013 Directeur \u00e9tablissement de sant\u00e9<\/p><p>Charg\u00e9 de mission m\u00e9dico-sociale<\/p><p>Directrice SSIAD<\/p><p>Directrice EHPAD<\/p>\t\t\t\t\t\t<\/div>\n\t\t\t\t<\/div>\n\t\t\t\t<\/div>\n\t\t\t\t<\/div>\n\t\t<div class=\"elementor-element elementor-element-2b86c22 e-flex e-con-boxed e-con e-parent\" data-id=\"2b86c22\" data-element_type=\"container\">\n\t\t\t\t\t<div class=\"e-con-inner\">\n\t\t\t\t<div class=\"elementor-element elementor-element-10f1563 elementor-widget elementor-widget-text-editor\" data-id=\"10f1563\" data-element_type=\"widget\" data-widget_type=\"text-editor.default\">\n\t\t\t\t<div class=\"elementor-widget-container\">\n\t\t\t\t\t\t\t<p>Notre \u00e9quipe est compl\u00e9t\u00e9e par 8 experts \u00e9valuateurs qui interviennent r\u00e9guli\u00e8rement aupr\u00e8s de notre soci\u00e9t\u00e9<\/p>\t\t\t\t\t\t<\/div>\n\t\t\t\t<\/div>\n\t\t\t\t\t<\/div>\n\t\t\t\t<\/div>\n\t\t<div class=\"elementor-element elementor-element-88d6c22 e-flex e-con-boxed e-con e-parent\" data-id=\"88d6c22\" data-element_type=\"container\" data-settings=\"{&quot;background_background&quot;:&quot;classic&quot;}\">\n\t\t\t\t\t<div class=\"e-con-inner\">\n\t\t\t\t<div class=\"elementor-element elementor-element-6e07b679 elementor-widget elementor-widget-heading\" data-id=\"6e07b679\" data-element_type=\"widget\" data-widget_type=\"heading.default\">\n\t\t\t\t<div class=\"elementor-widget-container\">\n\t\t\t<h3 class=\"elementor-heading-title elementor-size-default\">Vous voulez plus d'informations<\/h3>\t\t<\/div>\n\t\t\t\t<\/div>\n\t\t\t\t<div class=\"elementor-element elementor-element-3bff82e8 elementor-mobile-align-center elementor-align-center elementor-widget elementor-widget-button\" data-id=\"3bff82e8\" data-element_type=\"widget\" data-widget_type=\"button.default\">\n\t\t\t\t<div class=\"elementor-widget-container\">\n\t\t\t\t\t\t\t<div class=\"elementor-button-wrapper\">\n\t\t\t\t\t<a class=\"elementor-button elementor-button-link elementor-size-sm\" href=\"https:\/\/kiwo.fr\/index.php\/contact\/\">\n\t\t\t\t\t\t<span class=\"elementor-button-content-wrapper\">\n\t\t\t\t\t\t<span class=\"elementor-button-icon\">\n\t\t\t\t<svg aria-hidden=\"true\" class=\"e-font-icon-svg e-fas-mail-bulk\" viewBox=\"0 0 576 512\" xmlns=\"http:\/\/www.w3.org\/2000\/svg\"><path d=\"M160 448c-25.6 0-51.2-22.4-64-32-64-44.8-83.2-60.8-96-70.4V480c0 17.67 14.33 32 32 32h256c17.67 0 32-14.33 32-32V345.6c-12.8 9.6-32 25.6-96 70.4-12.8 9.6-38.4 32-64 32zm128-192H32c-17.67 0-32 14.33-32 32v16c25.6 19.2 22.4 19.2 115.2 86.4 9.6 6.4 28.8 25.6 44.8 25.6s35.2-19.2 44.8-22.4c92.8-67.2 89.6-67.2 115.2-86.4V288c0-17.67-14.33-32-32-32zm256-96H224c-17.67 0-32 14.33-32 32v32h96c33.21 0 60.59 25.42 63.71 57.82l.29-.22V416h192c17.67 0 32-14.33 32-32V192c0-17.67-14.33-32-32-32zm-32 128h-64v-64h64v64zm-352-96c0-35.29 28.71-64 64-64h224V32c0-17.67-14.33-32-32-32H96C78.33 0 64 14.33 64 32v192h96v-32z\"><\/path><\/svg>\t\t\t<\/span>\n\t\t\t\t\t\t\t\t\t<span class=\"elementor-button-text\">Nous Contacter<\/span>\n\t\t\t\t\t<\/span>\n\t\t\t\t\t<\/a>\n\t\t\t\t<\/div>\n\t\t\t\t\t\t<\/div>\n\t\t\t\t<\/div>\n\t\t\t\t\t<\/div>\n\t\t\t\t<\/div>\n\t\t\t\t<\/div>\n\t\t","protected":false},"excerpt":{"rendered":"<p>Nos intervenants de r\u00e9f\u00e9rence pour l\u2019\u00e9valuation \u00c9valuateurs experts de r\u00e9f\u00e9rence Rodolphe GALLOTTE Dipl\u00f4me niveau 7 \u2013 Dirigeant de l\u2019\u00e9conomie m\u00e9dico-sociale DU Management et marketing des structures de l\u2019\u00e9conomie sociale Formations aux syst\u00e8mes de gestion des EHPAD Formations \u00e0 l\u2019organisation et aux m\u00e9thodes des EHPAD Expert en \u00e9valuation interne et externe Concepteur du logiciel EHPAD GestiNut [&hellip;]<\/p>\n","protected":false},"author":1,"featured_media":0,"parent":0,"menu_order":0,"comment_status":"closed","ping_status":"closed","template":"","meta":{"footnotes":""},"class_list":["post-868","page","type-page","status-publish","hentry","entry"],"yoast_head":"<!-- This site is optimized with the Yoast SEO plugin v23.7 - https:\/\/yoast.com\/wordpress\/plugins\/seo\/ -->\n<title>Notre \u00e9quipe \u00e9valuateur - Kiwo<\/title>\n<meta name=\"robots\" content=\"index, follow, max-snippet:-1, max-image-preview:large, max-video-preview:-1\" \/>\n<link rel=\"canonical\" href=\"http:\/\/kiwo.fr\/index.php\/nos-intervenants-de-reference-pour-levaluation\/\" \/>\n<meta property=\"og:locale\" content=\"en_US\" \/>\n<meta property=\"og:type\" content=\"article\" \/>\n<meta property=\"og:title\" content=\"Notre \u00e9quipe \u00e9valuateur - Kiwo\" \/>\n<meta property=\"og:description\" content=\"Nos intervenants de r\u00e9f\u00e9rence pour l\u2019\u00e9valuation \u00c9valuateurs experts de r\u00e9f\u00e9rence Rodolphe GALLOTTE Dipl\u00f4me niveau 7 \u2013 Dirigeant de l\u2019\u00e9conomie m\u00e9dico-sociale DU Management et marketing des structures de l\u2019\u00e9conomie sociale Formations aux syst\u00e8mes de gestion des EHPAD Formations \u00e0 l\u2019organisation et aux m\u00e9thodes des EHPAD Expert en \u00e9valuation interne et externe Concepteur du logiciel EHPAD GestiNut [&hellip;]\" \/>\n<meta property=\"og:url\" content=\"http:\/\/kiwo.fr\/index.php\/nos-intervenants-de-reference-pour-levaluation\/\" \/>\n<meta property=\"og:site_name\" content=\"Kiwo\" \/>\n<meta property=\"article:modified_time\" content=\"2024-08-06T14:51:41+00:00\" \/>\n<meta name=\"twitter:card\" content=\"summary_large_image\" \/>\n<meta name=\"twitter:label1\" content=\"Est. reading time\" \/>\n\t<meta name=\"twitter:data1\" content=\"1 minute\" \/>\n<script type=\"application\/ld+json\" class=\"yoast-schema-graph\">{\"@context\":\"https:\/\/schema.org\",\"@graph\":[{\"@type\":\"WebPage\",\"@id\":\"http:\/\/kiwo.fr\/index.php\/nos-intervenants-de-reference-pour-levaluation\/\",\"url\":\"http:\/\/kiwo.fr\/index.php\/nos-intervenants-de-reference-pour-levaluation\/\",\"name\":\"Notre \u00e9quipe \u00e9valuateur - Kiwo\",\"isPartOf\":{\"@id\":\"http:\/\/kiwo.fr\/#website\"},\"datePublished\":\"2024-08-06T14:39:37+00:00\",\"dateModified\":\"2024-08-06T14:51:41+00:00\",\"breadcrumb\":{\"@id\":\"http:\/\/kiwo.fr\/index.php\/nos-intervenants-de-reference-pour-levaluation\/#breadcrumb\"},\"inLanguage\":\"en-US\",\"potentialAction\":[{\"@type\":\"ReadAction\",\"target\":[\"http:\/\/kiwo.fr\/index.php\/nos-intervenants-de-reference-pour-levaluation\/\"]}]},{\"@type\":\"BreadcrumbList\",\"@id\":\"http:\/\/kiwo.fr\/index.php\/nos-intervenants-de-reference-pour-levaluation\/#breadcrumb\",\"itemListElement\":[{\"@type\":\"ListItem\",\"position\":1,\"name\":\"Accueil\",\"item\":\"http:\/\/kiwo.fr\/\"},{\"@type\":\"ListItem\",\"position\":2,\"name\":\"Notre \u00e9quipe \u00e9valuateur\"}]},{\"@type\":\"WebSite\",\"@id\":\"http:\/\/kiwo.fr\/#website\",\"url\":\"http:\/\/kiwo.fr\/\",\"name\":\"Kiwo\",\"description\":\"Accompagnement et logiciels dans la gestion de vos \u00e9tablissements m\u00e9dico-social\",\"publisher\":{\"@id\":\"http:\/\/kiwo.fr\/#organization\"},\"potentialAction\":[{\"@type\":\"SearchAction\",\"target\":{\"@type\":\"EntryPoint\",\"urlTemplate\":\"http:\/\/kiwo.fr\/?s={search_term_string}\"},\"query-input\":{\"@type\":\"PropertyValueSpecification\",\"valueRequired\":true,\"valueName\":\"search_term_string\"}}],\"inLanguage\":\"en-US\"},{\"@type\":\"Organization\",\"@id\":\"http:\/\/kiwo.fr\/#organization\",\"name\":\"Kiwo\",\"url\":\"http:\/\/kiwo.fr\/\",\"logo\":{\"@type\":\"ImageObject\",\"inLanguage\":\"en-US\",\"@id\":\"http:\/\/kiwo.fr\/#\/schema\/logo\/image\/\",\"url\":\"https:\/\/kiwo.fr\/wp-content\/uploads\/2024\/08\/cropped-kiwo-logo-2.png\",\"contentUrl\":\"https:\/\/kiwo.fr\/wp-content\/uploads\/2024\/08\/cropped-kiwo-logo-2.png\",\"width\":547,\"height\":150,\"caption\":\"Kiwo\"},\"image\":{\"@id\":\"http:\/\/kiwo.fr\/#\/schema\/logo\/image\/\"}}]}<\/script>\n<!-- \/ Yoast SEO plugin. -->","yoast_head_json":{"title":"Notre \u00e9quipe \u00e9valuateur - Kiwo","robots":{"index":"index","follow":"follow","max-snippet":"max-snippet:-1","max-image-preview":"max-image-preview:large","max-video-preview":"max-video-preview:-1"},"canonical":"http:\/\/kiwo.fr\/index.php\/nos-intervenants-de-reference-pour-levaluation\/","og_locale":"en_US","og_type":"article","og_title":"Notre \u00e9quipe \u00e9valuateur - Kiwo","og_description":"Nos intervenants de r\u00e9f\u00e9rence pour l\u2019\u00e9valuation \u00c9valuateurs experts de r\u00e9f\u00e9rence Rodolphe GALLOTTE Dipl\u00f4me niveau 7 \u2013 Dirigeant de l\u2019\u00e9conomie m\u00e9dico-sociale DU Management et marketing des structures de l\u2019\u00e9conomie sociale Formations aux syst\u00e8mes de gestion des EHPAD Formations \u00e0 l\u2019organisation et aux m\u00e9thodes des EHPAD Expert en \u00e9valuation interne et externe Concepteur du logiciel EHPAD GestiNut [&hellip;]","og_url":"http:\/\/kiwo.fr\/index.php\/nos-intervenants-de-reference-pour-levaluation\/","og_site_name":"Kiwo","article_modified_time":"2024-08-06T14:51:41+00:00","twitter_card":"summary_large_image","twitter_misc":{"Est. reading time":"1 minute"},"schema":{"@context":"https:\/\/schema.org","@graph":[{"@type":"WebPage","@id":"http:\/\/kiwo.fr\/index.php\/nos-intervenants-de-reference-pour-levaluation\/","url":"http:\/\/kiwo.fr\/index.php\/nos-intervenants-de-reference-pour-levaluation\/","name":"Notre \u00e9quipe \u00e9valuateur - Kiwo","isPartOf":{"@id":"http:\/\/kiwo.fr\/#website"},"datePublished":"2024-08-06T14:39:37+00:00","dateModified":"2024-08-06T14:51:41+00:00","breadcrumb":{"@id":"http:\/\/kiwo.fr\/index.php\/nos-intervenants-de-reference-pour-levaluation\/#breadcrumb"},"inLanguage":"en-US","potentialAction":[{"@type":"ReadAction","target":["http:\/\/kiwo.fr\/index.php\/nos-intervenants-de-reference-pour-levaluation\/"]}]},{"@type":"BreadcrumbList","@id":"http:\/\/kiwo.fr\/index.php\/nos-intervenants-de-reference-pour-levaluation\/#breadcrumb","itemListElement":[{"@type":"ListItem","position":1,"name":"Accueil","item":"http:\/\/kiwo.fr\/"},{"@type":"ListItem","position":2,"name":"Notre \u00e9quipe \u00e9valuateur"}]},{"@type":"WebSite","@id":"http:\/\/kiwo.fr\/#website","url":"http:\/\/kiwo.fr\/","name":"Kiwo","description":"Accompagnement et logiciels dans la gestion de vos \u00e9tablissements m\u00e9dico-social","publisher":{"@id":"http:\/\/kiwo.fr\/#organization"},"potentialAction":[{"@type":"SearchAction","target":{"@type":"EntryPoint","urlTemplate":"http:\/\/kiwo.fr\/?s={search_term_string}"},"query-input":{"@type":"PropertyValueSpecification","valueRequired":true,"valueName":"search_term_string"}}],"inLanguage":"en-US"},{"@type":"Organization","@id":"http:\/\/kiwo.fr\/#organization","name":"Kiwo","url":"http:\/\/kiwo.fr\/","logo":{"@type":"ImageObject","inLanguage":"en-US","@id":"http:\/\/kiwo.fr\/#\/schema\/logo\/image\/","url":"https:\/\/kiwo.fr\/wp-content\/uploads\/2024\/08\/cropped-kiwo-logo-2.png","contentUrl":"https:\/\/kiwo.fr\/wp-content\/uploads\/2024\/08\/cropped-kiwo-logo-2.png","width":547,"height":150,"caption":"Kiwo"},"image":{"@id":"http:\/\/kiwo.fr\/#\/schema\/logo\/image\/"}}]}},"_links":{"self":[{"href":"https:\/\/kiwo.fr\/index.php\/wp-json\/wp\/v2\/pages\/868","targetHints":{"allow":["GET"]}}],"collection":[{"href":"https:\/\/kiwo.fr\/index.php\/wp-json\/wp\/v2\/pages"}],"about":[{"href":"https:\/\/kiwo.fr\/index.php\/wp-json\/wp\/v2\/types\/page"}],"author":[{"embeddable":true,"href":"https:\/\/kiwo.fr\/index.php\/wp-json\/wp\/v2\/users\/1"}],"replies":[{"embeddable":true,"href":"https:\/\/kiwo.fr\/index.php\/wp-json\/wp\/v2\/comments?post=868"}],"version-history":[{"count":5,"href":"https:\/\/kiwo.fr\/index.php\/wp-json\/wp\/v2\/pages\/868\/revisions"}],"predecessor-version":[{"id":874,"href":"https:\/\/kiwo.fr\/index.php\/wp-json\/wp\/v2\/pages\/868\/revisions\/874"}],"wp:attachment":[{"href":"https:\/\/kiwo.fr\/index.php\/wp-json\/wp\/v2\/media?parent=868"}],"curies":[{"name":"wp","href":"https:\/\/api.w.org\/{rel}","templated":true}]}}